{"id":23325,"date":"2025-01-20T15:56:56","date_gmt":"2025-01-20T14:56:56","guid":{"rendered":"https:\/\/syndicom.ch\/?post_type=glossar&#038;p=23325"},"modified":"2026-01-05T10:07:12","modified_gmt":"2026-01-05T09:07:12","slug":"cablex","status":"publish","type":"glossar","link":"https:\/\/syndicom.ch\/fr\/entree-glossaire\/cablex\/","title":{"rendered":"Cablex"},"content":{"rendered":"\n<div class=\"wp-block-group alignfull has-background-color has-primary-background-color has-text-color has-background has-link-color wp-elements-2bbfdc66cf21104f669e5d2b104d5062 is-layout-constrained wp-block-group-is-layout-constrained\">\n<div class=\"wp-block-group is-style-narrow is-layout-constrained wp-block-group-is-layout-constrained\">\n<h1 class=\"wp-block-heading\">CCT Cablex<\/h1>\n\n\n\n<div class=\"wp-block-columns is-layout-flex wp-container-core-columns-is-layout-9d6595d7 wp-block-columns-is-layout-flex\">\n<div class=\"wp-block-column is-layout-flow wp-block-column-is-layout-flow\" style=\"flex-basis:70%\">\n<p class=\"is-style-lead\">syndicom est partenaire social de cablex et n\u00e9gocie avec elle la convention collective de travail. La CCT cablex est entr\u00e9e en vigueur le 1er janvier 2019 et elle pose de nouveaux jalons dans la branche Infrastructure de r\u00e9seau.<\/p>\n<\/div>\n<\/div>\n\n\n\n<div class=\"wp-block-columns is-layout-flex wp-container-core-columns-is-layout-9d6595d7 wp-block-columns-is-layout-flex\">\n<div class=\"wp-block-column is-layout-flow wp-block-column-is-layout-flow\" style=\"flex-basis:30%\">\n<p><strong><strong><strong>Validit\u00e9 CCT<\/strong><\/strong><\/strong><br>01.01.2026 &#8211; 31.12.2028<\/p>\n<\/div>\n\n\n\n<div class=\"wp-block-column is-layout-flow wp-block-column-is-layout-flow\" style=\"flex-basis:80%\">\n<div class=\"wp-block-buttons is-layout-flex wp-block-buttons-is-layout-flex\">\n<div class=\"wp-block-button is-style-external\"><a class=\"wp-block-button__link wp-element-button\" href=\"https:\/\/syndicom.ch\/app\/uploads\/2025\/11\/syndicat-syndicom-cct-cablex-2026.pdf\" target=\"_blank\" rel=\"noreferrer noopener\">CCT Cablex<\/a><\/div>\n<\/div>\n<\/div>\n\n\n\n<div class=\"wp-block-column is-layout-flow wp-block-column-is-layout-flow\" style=\"flex-basis:45%\">\n<p><\/p>\n<\/div>\n<\/div>\n<\/div>\n<\/div>\n\n\n\n<div class=\"wp-block-group alignfull has-background-background-color has-background is-layout-constrained wp-block-group-is-layout-constrained\">\n<div class=\"wp-block-group is-style-narrow is-layout-constrained wp-block-group-is-layout-constrained\">\n<p>Le 1er octobre 2001, cablex a \u00e9t\u00e9 cr\u00e9\u00e9e comme soci\u00e9t\u00e9 anonyme ind\u00e9pendante, propri\u00e9t\u00e9 de <a href=\"https:\/\/syndicom.ch\/fr\/entree-glossaire\/swisscom\/\" target=\"_blank\" rel=\"noreferrer noopener\">Swisscom<\/a>. Aujourd\u2019hui, cablex est l\u2019entreprise la plus importante de la branche Infrastructure de r\u00e9seau.<\/p>\n<\/div>\n<\/div>\n","protected":false},"excerpt":{"rendered":"<p>CCT Cablex syndicom est partenaire social de cablex et n\u00e9gocie avec elle la convention collective de travail. La CCT cablex est entr\u00e9e en vigueur le 1er janvier 2019 et elle pose de nouveaux jalons dans la branche Infrastructure de r\u00e9seau. Validit\u00e9 CCT01.01.2026 &#8211; 31.12.2028 Le 1er octobre 2001, cablex a \u00e9t\u00e9 cr\u00e9\u00e9e comme soci\u00e9t\u00e9 anonyme [&hellip;]<\/p>\n","protected":false},"featured_media":0,"template":"","meta":{"_acf_changed":false,"inline_featured_image":false,"_coblocks_attr":"","_coblocks_dimensions":"","_coblocks_responsive_height":"","_coblocks_accordion_ie_support":"","footnotes":""},"glossar-category":[93],"class_list":["post-23325","glossar","type-glossar","status-publish","hentry","glossar-category-gesamtarbeitsvertraege-gav-fr"],"acf":[],"yoast_head":"<!-- This site is optimized with the Yoast SEO plugin v27.3 - https:\/\/yoast.com\/product\/yoast-seo-wordpress\/ -->\n<title>Cablex - syndicom<\/title>\n<meta name=\"description\" content=\"La CCT cablex est entr\u00e9e en vigueur le 1er janvier 2019 et elle pose de nouveaux jalons dans la branche Infrastructure de r\u00e9seau.\" \/>\n<meta name=\"robots\" content=\"index, follow, max-snippet:-1, max-image-preview:large, max-video-preview:-1\" \/>\n<link rel=\"canonical\" href=\"https:\/\/syndicom.ch\/fr\/entree-glossaire\/cablex\/\" \/>\n<meta property=\"og:locale\" content=\"fr_FR\" \/>\n<meta property=\"og:type\" content=\"article\" \/>\n<meta property=\"og:title\" content=\"Cablex - syndicom\" \/>\n<meta property=\"og:description\" content=\"La CCT cablex est entr\u00e9e en vigueur le 1er janvier 2019 et elle pose de nouveaux jalons dans la branche Infrastructure de r\u00e9seau.\" \/>\n<meta property=\"og:url\" content=\"https:\/\/syndicom.ch\/fr\/entree-glossaire\/cablex\/\" \/>\n<meta property=\"og:site_name\" content=\"syndicom\" \/>\n<meta property=\"article:modified_time\" content=\"2026-01-05T09:07:12+00:00\" \/>\n<meta name=\"twitter:card\" content=\"summary_large_image\" \/>\n<meta name=\"twitter:label1\" content=\"Dur\u00e9e de lecture estim\u00e9e\" \/>\n\t<meta name=\"twitter:data1\" content=\"1 minute\" \/>\n<script type=\"application\/ld+json\" class=\"yoast-schema-graph\">{\"@context\":\"https:\\\/\\\/schema.org\",\"@graph\":[{\"@type\":\"WebPage\",\"@id\":\"https:\\\/\\\/syndicom.ch\\\/fr\\\/entree-glossaire\\\/cablex\\\/\",\"url\":\"https:\\\/\\\/syndicom.ch\\\/fr\\\/entree-glossaire\\\/cablex\\\/\",\"name\":\"Cablex - syndicom\",\"isPartOf\":{\"@id\":\"https:\\\/\\\/syndicom.ch\\\/fr\\\/#website\"},\"datePublished\":\"2025-01-20T14:56:56+00:00\",\"dateModified\":\"2026-01-05T09:07:12+00:00\",\"description\":\"La CCT cablex est entr\u00e9e en vigueur le 1er janvier 2019 et elle pose de nouveaux jalons dans la branche Infrastructure de r\u00e9seau.\",\"breadcrumb\":{\"@id\":\"https:\\\/\\\/syndicom.ch\\\/fr\\\/entree-glossaire\\\/cablex\\\/#breadcrumb\"},\"inLanguage\":\"fr-FR\",\"potentialAction\":[{\"@type\":\"ReadAction\",\"target\":[\"https:\\\/\\\/syndicom.ch\\\/fr\\\/entree-glossaire\\\/cablex\\\/\"]}]},{\"@type\":\"BreadcrumbList\",\"@id\":\"https:\\\/\\\/syndicom.ch\\\/fr\\\/entree-glossaire\\\/cablex\\\/#breadcrumb\",\"itemListElement\":[{\"@type\":\"ListItem\",\"position\":1,\"name\":\"Page d'accueil\",\"item\":\"https:\\\/\\\/syndicom.ch\\\/fr\\\/\"},{\"@type\":\"ListItem\",\"position\":2,\"name\":\"Cablex\"}]},{\"@type\":\"WebSite\",\"@id\":\"https:\\\/\\\/syndicom.ch\\\/fr\\\/#website\",\"url\":\"https:\\\/\\\/syndicom.ch\\\/fr\\\/\",\"name\":\"syndicom\",\"description\":\"\",\"publisher\":{\"@id\":\"https:\\\/\\\/syndicom.ch\\\/fr\\\/#organization\"},\"potentialAction\":[{\"@type\":\"SearchAction\",\"target\":{\"@type\":\"EntryPoint\",\"urlTemplate\":\"https:\\\/\\\/syndicom.ch\\\/fr\\\/?s={search_term_string}\"},\"query-input\":{\"@type\":\"PropertyValueSpecification\",\"valueRequired\":true,\"valueName\":\"search_term_string\"}}],\"inLanguage\":\"fr-FR\"},{\"@type\":\"Organization\",\"@id\":\"https:\\\/\\\/syndicom.ch\\\/fr\\\/#organization\",\"name\":\"syndicom\",\"url\":\"https:\\\/\\\/syndicom.ch\\\/fr\\\/\",\"logo\":{\"@type\":\"ImageObject\",\"inLanguage\":\"fr-FR\",\"@id\":\"https:\\\/\\\/syndicom.ch\\\/fr\\\/#\\\/schema\\\/logo\\\/image\\\/\",\"url\":\"https:\\\/\\\/syndicom.ch\\\/app\\\/uploads\\\/2024\\\/06\\\/logo.svg\",\"contentUrl\":\"https:\\\/\\\/syndicom.ch\\\/app\\\/uploads\\\/2024\\\/06\\\/logo.svg\",\"width\":297,\"height\":51,\"caption\":\"syndicom\"},\"image\":{\"@id\":\"https:\\\/\\\/syndicom.ch\\\/fr\\\/#\\\/schema\\\/logo\\\/image\\\/\"}}]}<\/script>\n<!-- \/ Yoast SEO plugin. -->","yoast_head_json":{"title":"Cablex - syndicom","description":"La CCT cablex est entr\u00e9e en vigueur le 1er janvier 2019 et elle pose de nouveaux jalons dans la branche Infrastructure de r\u00e9seau.","robots":{"index":"index","follow":"follow","max-snippet":"max-snippet:-1","max-image-preview":"max-image-preview:large","max-video-preview":"max-video-preview:-1"},"canonical":"https:\/\/syndicom.ch\/fr\/entree-glossaire\/cablex\/","og_locale":"fr_FR","og_type":"article","og_title":"Cablex - syndicom","og_description":"La CCT cablex est entr\u00e9e en vigueur le 1er janvier 2019 et elle pose de nouveaux jalons dans la branche Infrastructure de r\u00e9seau.","og_url":"https:\/\/syndicom.ch\/fr\/entree-glossaire\/cablex\/","og_site_name":"syndicom","article_modified_time":"2026-01-05T09:07:12+00:00","twitter_card":"summary_large_image","twitter_misc":{"Dur\u00e9e de lecture estim\u00e9e":"1 minute"},"schema":{"@context":"https:\/\/schema.org","@graph":[{"@type":"WebPage","@id":"https:\/\/syndicom.ch\/fr\/entree-glossaire\/cablex\/","url":"https:\/\/syndicom.ch\/fr\/entree-glossaire\/cablex\/","name":"Cablex - syndicom","isPartOf":{"@id":"https:\/\/syndicom.ch\/fr\/#website"},"datePublished":"2025-01-20T14:56:56+00:00","dateModified":"2026-01-05T09:07:12+00:00","description":"La CCT cablex est entr\u00e9e en vigueur le 1er janvier 2019 et elle pose de nouveaux jalons dans la branche Infrastructure de r\u00e9seau.","breadcrumb":{"@id":"https:\/\/syndicom.ch\/fr\/entree-glossaire\/cablex\/#breadcrumb"},"inLanguage":"fr-FR","potentialAction":[{"@type":"ReadAction","target":["https:\/\/syndicom.ch\/fr\/entree-glossaire\/cablex\/"]}]},{"@type":"BreadcrumbList","@id":"https:\/\/syndicom.ch\/fr\/entree-glossaire\/cablex\/#breadcrumb","itemListElement":[{"@type":"ListItem","position":1,"name":"Page d'accueil","item":"https:\/\/syndicom.ch\/fr\/"},{"@type":"ListItem","position":2,"name":"Cablex"}]},{"@type":"WebSite","@id":"https:\/\/syndicom.ch\/fr\/#website","url":"https:\/\/syndicom.ch\/fr\/","name":"syndicom","description":"","publisher":{"@id":"https:\/\/syndicom.ch\/fr\/#organization"},"potentialAction":[{"@type":"SearchAction","target":{"@type":"EntryPoint","urlTemplate":"https:\/\/syndicom.ch\/fr\/?s={search_term_string}"},"query-input":{"@type":"PropertyValueSpecification","valueRequired":true,"valueName":"search_term_string"}}],"inLanguage":"fr-FR"},{"@type":"Organization","@id":"https:\/\/syndicom.ch\/fr\/#organization","name":"syndicom","url":"https:\/\/syndicom.ch\/fr\/","logo":{"@type":"ImageObject","inLanguage":"fr-FR","@id":"https:\/\/syndicom.ch\/fr\/#\/schema\/logo\/image\/","url":"https:\/\/syndicom.ch\/app\/uploads\/2024\/06\/logo.svg","contentUrl":"https:\/\/syndicom.ch\/app\/uploads\/2024\/06\/logo.svg","width":297,"height":51,"caption":"syndicom"},"image":{"@id":"https:\/\/syndicom.ch\/fr\/#\/schema\/logo\/image\/"}}]}},"_links":{"self":[{"href":"https:\/\/syndicom.ch\/fr\/wp-json\/wp\/v2\/glossar\/23325","targetHints":{"allow":["GET"]}}],"collection":[{"href":"https:\/\/syndicom.ch\/fr\/wp-json\/wp\/v2\/glossar"}],"about":[{"href":"https:\/\/syndicom.ch\/fr\/wp-json\/wp\/v2\/types\/glossar"}],"version-history":[{"count":9,"href":"https:\/\/syndicom.ch\/fr\/wp-json\/wp\/v2\/glossar\/23325\/revisions"}],"predecessor-version":[{"id":53054,"href":"https:\/\/syndicom.ch\/fr\/wp-json\/wp\/v2\/glossar\/23325\/revisions\/53054"}],"wp:attachment":[{"href":"https:\/\/syndicom.ch\/fr\/wp-json\/wp\/v2\/media?parent=23325"}],"wp:term":[{"taxonomy":"glossar-category","embeddable":true,"href":"https:\/\/syndicom.ch\/fr\/wp-json\/wp\/v2\/glossar-category?post=23325"}],"curies":[{"name":"wp","href":"https:\/\/api.w.org\/{rel}","templated":true}]}}

<div class="wp-block-group alignfull has-background-color has-primary-background-color has-text-color has-background has-link-color wp-elements-2bbfdc66cf21104f669e5d2b104d5062 is-layout-constrained wp-block-group-is-layout-constrained">
<div class="wp-block-group is-style-narrow is-layout-constrained wp-block-group-is-layout-constrained">
<h1 class="wp-block-heading">CCT Cablex</h1>



<div class="wp-block-columns is-layout-flex wp-container-core-columns-is-layout-9d6595d7 wp-block-columns-is-layout-flex">
<div class="wp-block-column is-layout-flow wp-block-column-is-layout-flow" style="flex-basis:70%">
<p class="is-style-lead">syndicom est partenaire social de cablex et négocie avec elle la convention collective de travail. La CCT cablex est entrée en vigueur le 1er janvier 2019 et elle pose de nouveaux jalons dans la branche Infrastructure de réseau.</p>
</div>
</div>



<div class="wp-block-columns is-layout-flex wp-container-core-columns-is-layout-9d6595d7 wp-block-columns-is-layout-flex">
<div class="wp-block-column is-layout-flow wp-block-column-is-layout-flow" style="flex-basis:30%">
<p><strong><strong><strong>Validité CCT</strong></strong></strong><br>01.01.2026 &#8211; 31.12.2028</p>
</div>



<div class="wp-block-column is-layout-flow wp-block-column-is-layout-flow" style="flex-basis:80%">
<div class="wp-block-buttons is-layout-flex wp-block-buttons-is-layout-flex">
<div class="wp-block-button is-style-external"><a class="wp-block-button__link wp-element-button" href="https://syndicom.ch/app/uploads/2025/11/syndicat-syndicom-cct-cablex-2026.pdf" target="_blank" rel="noreferrer noopener">CCT Cablex</a></div>
</div>
</div>



<div class="wp-block-column is-layout-flow wp-block-column-is-layout-flow" style="flex-basis:45%">
<p></p>
</div>
</div>
</div>
</div>



<div class="wp-block-group alignfull has-background-background-color has-background is-layout-constrained wp-block-group-is-layout-constrained">
<div class="wp-block-group is-style-narrow is-layout-constrained wp-block-group-is-layout-constrained">
<p>Le 1er octobre 2001, cablex a été créée comme société anonyme indépendante, propriété de <a href="https://syndicom.ch/fr/entree-glossaire/swisscom/" target="_blank" rel="noreferrer noopener">Swisscom</a>. Aujourd’hui, cablex est l’entreprise la plus importante de la branche Infrastructure de réseau.</p>
</div>
</div>

<p>CCT Cablex syndicom est partenaire social de cablex et négocie avec elle la convention collective de travail. La CCT cablex est entrée en vigueur le 1er janvier 2019 et elle pose de nouveaux jalons dans la branche Infrastructure de réseau. Validité CCT01.01.2026 &#8211; 31.12.2028 Le 1er octobre 2001, cablex a été créée comme société anonyme [&hellip;]</p>

<!-- This site is optimized with the Yoast SEO plugin v27.3 - https://yoast.com/product/yoast-seo-wordpress/ -->
<title>Cablex - syndicom</title>
<meta name="description" content="La CCT cablex est entrée en vigueur le 1er janvier 2019 et elle pose de nouveaux jalons dans la branche Infrastructure de réseau." />
<meta name="robots" content="index, follow, max-snippet:-1, max-image-preview:large, max-video-preview:-1" />
<link rel="canonical" href="https://syndicom.ch/fr/entree-glossaire/cablex/" />
<meta property="og:locale" content="fr_FR" />
<meta property="og:type" content="article" />
<meta property="og:title" content="Cablex - syndicom" />
<meta property="og:description" content="La CCT cablex est entrée en vigueur le 1er janvier 2019 et elle pose de nouveaux jalons dans la branche Infrastructure de réseau." />
<meta property="og:url" content="https://syndicom.ch/fr/entree-glossaire/cablex/" />
<meta property="og:site_name" content="syndicom" />
<meta property="article:modified_time" content="2026-01-05T09:07:12+00:00" />
<meta name="twitter:card" content="summary_large_image" />
<meta name="twitter:label1" content="Durée de lecture estimée" />
	<meta name="twitter:data1" content="1 minute" />
<script type="application/ld+json" class="yoast-schema-graph">{"@context":"https:\/\/schema.org","@graph":[{"@type":"WebPage","@id":"https:\/\/syndicom.ch\/fr\/entree-glossaire\/cablex\/","url":"https:\/\/syndicom.ch\/fr\/entree-glossaire\/cablex\/","name":"Cablex - syndicom","isPartOf":{"@id":"https:\/\/syndicom.ch\/fr\/#website"},"datePublished":"2025-01-20T14:56:56+00:00","dateModified":"2026-01-05T09:07:12+00:00","description":"La CCT cablex est entrée en vigueur le 1er janvier 2019 et elle pose de nouveaux jalons dans la branche Infrastructure de réseau.","breadcrumb":{"@id":"https:\/\/syndicom.ch\/fr\/entree-glossaire\/cablex\/#breadcrumb"},"inLanguage":"fr-FR","potentialAction":[{"@type":"ReadAction","target":["https:\/\/syndicom.ch\/fr\/entree-glossaire\/cablex\/"]}]},{"@type":"BreadcrumbList","@id":"https:\/\/syndicom.ch\/fr\/entree-glossaire\/cablex\/#breadcrumb","itemListElement":[{"@type":"ListItem","position":1,"name":"Page d'accueil","item":"https:\/\/syndicom.ch\/fr\/"},{"@type":"ListItem","position":2,"name":"Cablex"}]},{"@type":"WebSite","@id":"https:\/\/syndicom.ch\/fr\/#website","url":"https:\/\/syndicom.ch\/fr\/","name":"syndicom","description":"","publisher":{"@id":"https:\/\/syndicom.ch\/fr\/#organization"},"potentialAction":[{"@type":"SearchAction","target":{"@type":"EntryPoint","urlTemplate":"https:\/\/syndicom.ch\/fr\/?s={search_term_string}"},"query-input":{"@type":"PropertyValueSpecification","valueRequired":true,"valueName":"search_term_string"}}],"inLanguage":"fr-FR"},{"@type":"Organization","@id":"https:\/\/syndicom.ch\/fr\/#organization","name":"syndicom","url":"https:\/\/syndicom.ch\/fr\/","logo":{"@type":"ImageObject","inLanguage":"fr-FR","@id":"https:\/\/syndicom.ch\/fr\/#\/schema\/logo\/image\/","url":"https:\/\/syndicom.ch\/app\/uploads\/2024\/06\/logo.svg","contentUrl":"https:\/\/syndicom.ch\/app\/uploads\/2024\/06\/logo.svg","width":297,"height":51,"caption":"syndicom"},"image":{"@id":"https:\/\/syndicom.ch\/fr\/#\/schema\/logo\/image\/"}}]}</script>
<!-- / Yoast SEO plugin. -->

La CCT cablex est entrée en vigueur le 1er janvier 2019 et elle pose de nouveaux jalons dans la branche Infrastructure de réseau.
