{"id":23334,"date":"2025-01-20T15:49:15","date_gmt":"2025-01-20T14:49:15","guid":{"rendered":"https:\/\/syndicom.ch\/?post_type=glossar&#038;p=23334"},"modified":"2025-10-24T15:14:03","modified_gmt":"2025-10-24T13:14:03","slug":"industrie-graphique","status":"publish","type":"glossar","link":"https:\/\/syndicom.ch\/fr\/entree-glossaire\/industrie-graphique\/","title":{"rendered":"Industrie graphique"},"content":{"rendered":"\n<div class=\"wp-block-group alignfull has-background-color has-primary-background-color has-text-color has-background has-link-color wp-elements-63ce23afc675a6e516f58d871803f016 is-layout-constrained wp-block-group-is-layout-constrained\">\n<div class=\"wp-block-group is-style-narrow is-layout-constrained wp-block-group-is-layout-constrained\">\n<h1 class=\"wp-block-heading\">CCT Industrie graphique<\/h1>\n\n\n\n<div class=\"wp-block-columns is-layout-flex wp-container-core-columns-is-layout-9d6595d7 wp-block-columns-is-layout-flex\">\n<div class=\"wp-block-column is-layout-flow wp-block-column-is-layout-flow\" style=\"flex-basis:70%\">\n<p class=\"is-style-lead\">Gr\u00e2ce \u00e0 la CCT, tu b\u00e9n\u00e9ficies dans l\u2019industrie graphique d\u2019un grand nombre de dispositions qui vont au-del\u00e0 des prescriptions minimales.<\/p>\n<\/div>\n<\/div>\n\n\n\n<div class=\"wp-block-columns is-layout-flex wp-container-core-columns-is-layout-9d6595d7 wp-block-columns-is-layout-flex\">\n<div class=\"wp-block-column is-layout-flow wp-block-column-is-layout-flow\" style=\"flex-basis:30%\">\n<p><strong><strong><strong>Validit\u00e9 CCT<\/strong><\/strong><\/strong><br>01.01.2025 &#8211; 31.12.2026<\/p>\n<\/div>\n\n\n\n<div class=\"wp-block-column is-layout-flow wp-block-column-is-layout-flow\" style=\"flex-basis:80%\">\n<div class=\"wp-block-buttons is-layout-flex wp-block-buttons-is-layout-flex\">\n<div class=\"wp-block-button is-style-external\"><a class=\"wp-block-button__link wp-element-button\" href=\"https:\/\/syndicom.ch\/app\/uploads\/2025\/01\/syndicat-syndicom-cct-industrie-graphique.pdf\" target=\"_blank\" rel=\"noreferrer noopener\">CCT pour l&rsquo;industrie graphique<\/a><\/div>\n<\/div>\n<\/div>\n\n\n\n<div class=\"wp-block-column is-layout-flow wp-block-column-is-layout-flow\" style=\"flex-basis:45%\">\n<p><\/p>\n<\/div>\n<\/div>\n<\/div>\n<\/div>\n\n\n\n<div class=\"wp-block-group alignfull has-background-background-color has-background is-layout-constrained wp-block-group-is-layout-constrained\">\n<div class=\"wp-block-group is-style-narrow is-layout-constrained wp-block-group-is-layout-constrained\">\n<p><strong>Dans l\u2019industrie graphique, le monde du travail est en mutation depuis des si\u00e8cles. syndicom repr\u00e9sente et d\u00e9fend la voix des salari\u00e9-es. Afin que les d\u00e9cisions concernant les changements ne soient pas prises dans ton dos, mais qu\u2019elles tiennent compte aussi de la voix de celles et ceux qui travaillent au quotidien dans la branche.<\/strong><\/p>\n\n\n\n<h2 class=\"wp-block-heading\">Un contrat collectif de travail (CCT) r\u00e8gle les conditions de travail<\/h2>\n\n\n\n<p>Nos horaires de travail, la dur\u00e9e de nos vacances et nos salaires minimums sont n\u00e9goci\u00e9s dans un contrat collectif de travail (CCT). La situation \u00e9conomique dans l\u2019industrie graphique reste sous pression, en particulier aussi en raison de la hausse des prix du papier et de l\u2019\u00e9lectricit\u00e9. Il importe donc de continuer \u00e0 garantir aux partenaires sociaux des conditions de travail bonnes et stables. Pr\u00e8s de 350 entreprises dans toute la Suisse sont soumises au CCT pour l\u2019industrie graphique.<\/p>\n\n\n\n<h2 class=\"wp-block-heading\">Nous d\u00e9fendons nos acquis&nbsp;<\/h2>\n\n\n\n<p>syndicom est, avec viscom et Syna, l\u2019organe responsable des six profils professionnels de la branche graphique (Polygraphe CFC, Interactive Media Designer CFC, Technologue em M\u00e9dias CFC, Fa\u00e7onneur\/-euse de produits imprim\u00e9s CFC, Technologue en Reliure CFC, Assistant\/-e en m\u00e9dias imprim\u00e9s AFP,&nbsp;<\/p>\n\n\n\n<h2 class=\"wp-block-heading\">Fa\u00e7onnons ensemble l\u2019avenir de nos m\u00e9tiers&nbsp;<\/h2>\n\n\n\n<p>Non seulement les programmes informatiques et les technologies \u00e9voluent rapidement, mais aussi nos m\u00e9tiers. Nous sommes l\u00e0 lorsque de nouvelles professions sont cr\u00e9\u00e9es et exer\u00e7ons ainsi un impact consid\u00e9rable sur l\u2019avenir de nos branches.<\/p>\n\n\n\n<p>Comme la formation ne s\u2019ach\u00e8ve plus apr\u00e8s l\u2019apprentissage professionnel, nous proposons \u00e0 nos membres <a href=\"https:\/\/syndicom.ch\/fr\/formation-continue-cours-education\/\" target=\"_blank\" rel=\"noreferrer noopener\">une large palette de formations et de perfectionnements<\/a> pour se tenir \u00e0 jour et rafra\u00eechir leurs connaissances.<\/p>\n<\/div>\n<\/div>\n","protected":false},"excerpt":{"rendered":"<p>CCT Industrie graphique Gr\u00e2ce \u00e0 la CCT, tu b\u00e9n\u00e9ficies dans l\u2019industrie graphique d\u2019un grand nombre de dispositions qui vont au-del\u00e0 des prescriptions minimales. Validit\u00e9 CCT01.01.2025 &#8211; 31.12.2026 Dans l\u2019industrie graphique, le monde du travail est en mutation depuis des si\u00e8cles. syndicom repr\u00e9sente et d\u00e9fend la voix des salari\u00e9-es. Afin que les d\u00e9cisions concernant les changements [&hellip;]<\/p>\n","protected":false},"featured_media":0,"template":"","meta":{"_acf_changed":false,"inline_featured_image":false,"_coblocks_attr":"","_coblocks_dimensions":"","_coblocks_responsive_height":"","_coblocks_accordion_ie_support":"","footnotes":""},"glossar-category":[93],"class_list":["post-23334","glossar","type-glossar","status-publish","hentry","glossar-category-gesamtarbeitsvertraege-gav-fr"],"acf":[],"yoast_head":"<!-- This site is optimized with the Yoast SEO plugin v27.3 - https:\/\/yoast.com\/product\/yoast-seo-wordpress\/ -->\n<title>Industrie graphique - syndicom<\/title>\n<meta name=\"description\" content=\"Gr\u00e2ce \u00e0 la CCT, tu b\u00e9n\u00e9ficies dans l&#039;industrie graphique de de nombreuses dispositions qui vont au-del\u00e0 des prescriptions minimales.\" \/>\n<meta name=\"robots\" content=\"index, follow, max-snippet:-1, max-image-preview:large, max-video-preview:-1\" \/>\n<link rel=\"canonical\" href=\"https:\/\/syndicom.ch\/fr\/entree-glossaire\/industrie-graphique\/\" \/>\n<meta property=\"og:locale\" content=\"fr_FR\" \/>\n<meta property=\"og:type\" content=\"article\" \/>\n<meta property=\"og:title\" content=\"Industrie graphique - syndicom\" \/>\n<meta property=\"og:description\" content=\"Gr\u00e2ce \u00e0 la CCT, tu b\u00e9n\u00e9ficies dans l&#039;industrie graphique de de nombreuses dispositions qui vont au-del\u00e0 des prescriptions minimales.\" \/>\n<meta property=\"og:url\" content=\"https:\/\/syndicom.ch\/fr\/entree-glossaire\/industrie-graphique\/\" \/>\n<meta property=\"og:site_name\" content=\"syndicom\" \/>\n<meta property=\"article:modified_time\" content=\"2025-10-24T13:14:03+00:00\" \/>\n<meta name=\"twitter:card\" content=\"summary_large_image\" \/>\n<meta name=\"twitter:label1\" content=\"Dur\u00e9e de lecture estim\u00e9e\" \/>\n\t<meta name=\"twitter:data1\" content=\"2 minutes\" \/>\n<script type=\"application\/ld+json\" class=\"yoast-schema-graph\">{\"@context\":\"https:\\\/\\\/schema.org\",\"@graph\":[{\"@type\":\"WebPage\",\"@id\":\"https:\\\/\\\/syndicom.ch\\\/fr\\\/entree-glossaire\\\/industrie-graphique\\\/\",\"url\":\"https:\\\/\\\/syndicom.ch\\\/fr\\\/entree-glossaire\\\/industrie-graphique\\\/\",\"name\":\"Industrie graphique - syndicom\",\"isPartOf\":{\"@id\":\"https:\\\/\\\/syndicom.ch\\\/fr\\\/#website\"},\"datePublished\":\"2025-01-20T14:49:15+00:00\",\"dateModified\":\"2025-10-24T13:14:03+00:00\",\"description\":\"Gr\u00e2ce \u00e0 la CCT, tu b\u00e9n\u00e9ficies dans l'industrie graphique de de nombreuses dispositions qui vont au-del\u00e0 des prescriptions minimales.\",\"breadcrumb\":{\"@id\":\"https:\\\/\\\/syndicom.ch\\\/fr\\\/entree-glossaire\\\/industrie-graphique\\\/#breadcrumb\"},\"inLanguage\":\"fr-FR\",\"potentialAction\":[{\"@type\":\"ReadAction\",\"target\":[\"https:\\\/\\\/syndicom.ch\\\/fr\\\/entree-glossaire\\\/industrie-graphique\\\/\"]}]},{\"@type\":\"BreadcrumbList\",\"@id\":\"https:\\\/\\\/syndicom.ch\\\/fr\\\/entree-glossaire\\\/industrie-graphique\\\/#breadcrumb\",\"itemListElement\":[{\"@type\":\"ListItem\",\"position\":1,\"name\":\"Page d'accueil\",\"item\":\"https:\\\/\\\/syndicom.ch\\\/fr\\\/\"},{\"@type\":\"ListItem\",\"position\":2,\"name\":\"Industrie graphique\"}]},{\"@type\":\"WebSite\",\"@id\":\"https:\\\/\\\/syndicom.ch\\\/fr\\\/#website\",\"url\":\"https:\\\/\\\/syndicom.ch\\\/fr\\\/\",\"name\":\"syndicom\",\"description\":\"\",\"publisher\":{\"@id\":\"https:\\\/\\\/syndicom.ch\\\/fr\\\/#organization\"},\"potentialAction\":[{\"@type\":\"SearchAction\",\"target\":{\"@type\":\"EntryPoint\",\"urlTemplate\":\"https:\\\/\\\/syndicom.ch\\\/fr\\\/?s={search_term_string}\"},\"query-input\":{\"@type\":\"PropertyValueSpecification\",\"valueRequired\":true,\"valueName\":\"search_term_string\"}}],\"inLanguage\":\"fr-FR\"},{\"@type\":\"Organization\",\"@id\":\"https:\\\/\\\/syndicom.ch\\\/fr\\\/#organization\",\"name\":\"syndicom\",\"url\":\"https:\\\/\\\/syndicom.ch\\\/fr\\\/\",\"logo\":{\"@type\":\"ImageObject\",\"inLanguage\":\"fr-FR\",\"@id\":\"https:\\\/\\\/syndicom.ch\\\/fr\\\/#\\\/schema\\\/logo\\\/image\\\/\",\"url\":\"https:\\\/\\\/syndicom.ch\\\/app\\\/uploads\\\/2024\\\/06\\\/logo.svg\",\"contentUrl\":\"https:\\\/\\\/syndicom.ch\\\/app\\\/uploads\\\/2024\\\/06\\\/logo.svg\",\"width\":297,\"height\":51,\"caption\":\"syndicom\"},\"image\":{\"@id\":\"https:\\\/\\\/syndicom.ch\\\/fr\\\/#\\\/schema\\\/logo\\\/image\\\/\"}}]}<\/script>\n<!-- \/ Yoast SEO plugin. -->","yoast_head_json":{"title":"Industrie graphique - syndicom","description":"Gr\u00e2ce \u00e0 la CCT, tu b\u00e9n\u00e9ficies dans l'industrie graphique de de nombreuses dispositions qui vont au-del\u00e0 des prescriptions minimales.","robots":{"index":"index","follow":"follow","max-snippet":"max-snippet:-1","max-image-preview":"max-image-preview:large","max-video-preview":"max-video-preview:-1"},"canonical":"https:\/\/syndicom.ch\/fr\/entree-glossaire\/industrie-graphique\/","og_locale":"fr_FR","og_type":"article","og_title":"Industrie graphique - syndicom","og_description":"Gr\u00e2ce \u00e0 la CCT, tu b\u00e9n\u00e9ficies dans l'industrie graphique de de nombreuses dispositions qui vont au-del\u00e0 des prescriptions minimales.","og_url":"https:\/\/syndicom.ch\/fr\/entree-glossaire\/industrie-graphique\/","og_site_name":"syndicom","article_modified_time":"2025-10-24T13:14:03+00:00","twitter_card":"summary_large_image","twitter_misc":{"Dur\u00e9e de lecture estim\u00e9e":"2 minutes"},"schema":{"@context":"https:\/\/schema.org","@graph":[{"@type":"WebPage","@id":"https:\/\/syndicom.ch\/fr\/entree-glossaire\/industrie-graphique\/","url":"https:\/\/syndicom.ch\/fr\/entree-glossaire\/industrie-graphique\/","name":"Industrie graphique - syndicom","isPartOf":{"@id":"https:\/\/syndicom.ch\/fr\/#website"},"datePublished":"2025-01-20T14:49:15+00:00","dateModified":"2025-10-24T13:14:03+00:00","description":"Gr\u00e2ce \u00e0 la CCT, tu b\u00e9n\u00e9ficies dans l'industrie graphique de de nombreuses dispositions qui vont au-del\u00e0 des prescriptions minimales.","breadcrumb":{"@id":"https:\/\/syndicom.ch\/fr\/entree-glossaire\/industrie-graphique\/#breadcrumb"},"inLanguage":"fr-FR","potentialAction":[{"@type":"ReadAction","target":["https:\/\/syndicom.ch\/fr\/entree-glossaire\/industrie-graphique\/"]}]},{"@type":"BreadcrumbList","@id":"https:\/\/syndicom.ch\/fr\/entree-glossaire\/industrie-graphique\/#breadcrumb","itemListElement":[{"@type":"ListItem","position":1,"name":"Page d'accueil","item":"https:\/\/syndicom.ch\/fr\/"},{"@type":"ListItem","position":2,"name":"Industrie graphique"}]},{"@type":"WebSite","@id":"https:\/\/syndicom.ch\/fr\/#website","url":"https:\/\/syndicom.ch\/fr\/","name":"syndicom","description":"","publisher":{"@id":"https:\/\/syndicom.ch\/fr\/#organization"},"potentialAction":[{"@type":"SearchAction","target":{"@type":"EntryPoint","urlTemplate":"https:\/\/syndicom.ch\/fr\/?s={search_term_string}"},"query-input":{"@type":"PropertyValueSpecification","valueRequired":true,"valueName":"search_term_string"}}],"inLanguage":"fr-FR"},{"@type":"Organization","@id":"https:\/\/syndicom.ch\/fr\/#organization","name":"syndicom","url":"https:\/\/syndicom.ch\/fr\/","logo":{"@type":"ImageObject","inLanguage":"fr-FR","@id":"https:\/\/syndicom.ch\/fr\/#\/schema\/logo\/image\/","url":"https:\/\/syndicom.ch\/app\/uploads\/2024\/06\/logo.svg","contentUrl":"https:\/\/syndicom.ch\/app\/uploads\/2024\/06\/logo.svg","width":297,"height":51,"caption":"syndicom"},"image":{"@id":"https:\/\/syndicom.ch\/fr\/#\/schema\/logo\/image\/"}}]}},"_links":{"self":[{"href":"https:\/\/syndicom.ch\/fr\/wp-json\/wp\/v2\/glossar\/23334","targetHints":{"allow":["GET"]}}],"collection":[{"href":"https:\/\/syndicom.ch\/fr\/wp-json\/wp\/v2\/glossar"}],"about":[{"href":"https:\/\/syndicom.ch\/fr\/wp-json\/wp\/v2\/types\/glossar"}],"version-history":[{"count":9,"href":"https:\/\/syndicom.ch\/fr\/wp-json\/wp\/v2\/glossar\/23334\/revisions"}],"predecessor-version":[{"id":49649,"href":"https:\/\/syndicom.ch\/fr\/wp-json\/wp\/v2\/glossar\/23334\/revisions\/49649"}],"wp:attachment":[{"href":"https:\/\/syndicom.ch\/fr\/wp-json\/wp\/v2\/media?parent=23334"}],"wp:term":[{"taxonomy":"glossar-category","embeddable":true,"href":"https:\/\/syndicom.ch\/fr\/wp-json\/wp\/v2\/glossar-category?post=23334"}],"curies":[{"name":"wp","href":"https:\/\/api.w.org\/{rel}","templated":true}]}}

<div class="wp-block-group alignfull has-background-color has-primary-background-color has-text-color has-background has-link-color wp-elements-63ce23afc675a6e516f58d871803f016 is-layout-constrained wp-block-group-is-layout-constrained">
<div class="wp-block-group is-style-narrow is-layout-constrained wp-block-group-is-layout-constrained">
<h1 class="wp-block-heading">CCT Industrie graphique</h1>



<div class="wp-block-columns is-layout-flex wp-container-core-columns-is-layout-9d6595d7 wp-block-columns-is-layout-flex">
<div class="wp-block-column is-layout-flow wp-block-column-is-layout-flow" style="flex-basis:70%">
<p class="is-style-lead">Grâce à la CCT, tu bénéficies dans l’industrie graphique d’un grand nombre de dispositions qui vont au-delà des prescriptions minimales.</p>
</div>
</div>



<div class="wp-block-columns is-layout-flex wp-container-core-columns-is-layout-9d6595d7 wp-block-columns-is-layout-flex">
<div class="wp-block-column is-layout-flow wp-block-column-is-layout-flow" style="flex-basis:30%">
<p><strong><strong><strong>Validité CCT</strong></strong></strong><br>01.01.2025 &#8211; 31.12.2026</p>
</div>



<div class="wp-block-column is-layout-flow wp-block-column-is-layout-flow" style="flex-basis:80%">
<div class="wp-block-buttons is-layout-flex wp-block-buttons-is-layout-flex">
<div class="wp-block-button is-style-external"><a class="wp-block-button__link wp-element-button" href="https://syndicom.ch/app/uploads/2025/01/syndicat-syndicom-cct-industrie-graphique.pdf" target="_blank" rel="noreferrer noopener">CCT pour l&rsquo;industrie graphique</a></div>
</div>
</div>



<div class="wp-block-column is-layout-flow wp-block-column-is-layout-flow" style="flex-basis:45%">
<p></p>
</div>
</div>
</div>
</div>



<div class="wp-block-group alignfull has-background-background-color has-background is-layout-constrained wp-block-group-is-layout-constrained">
<div class="wp-block-group is-style-narrow is-layout-constrained wp-block-group-is-layout-constrained">
<p><strong>Dans l’industrie graphique, le monde du travail est en mutation depuis des siècles. syndicom représente et défend la voix des salarié-es. Afin que les décisions concernant les changements ne soient pas prises dans ton dos, mais qu’elles tiennent compte aussi de la voix de celles et ceux qui travaillent au quotidien dans la branche.</strong></p>



<h2 class="wp-block-heading">Un contrat collectif de travail (CCT) règle les conditions de travail</h2>



<p>Nos horaires de travail, la durée de nos vacances et nos salaires minimums sont négociés dans un contrat collectif de travail (CCT). La situation économique dans l’industrie graphique reste sous pression, en particulier aussi en raison de la hausse des prix du papier et de l’électricité. Il importe donc de continuer à garantir aux partenaires sociaux des conditions de travail bonnes et stables. Près de 350 entreprises dans toute la Suisse sont soumises au CCT pour l’industrie graphique.</p>



<h2 class="wp-block-heading">Nous défendons nos acquis&nbsp;</h2>



<p>syndicom est, avec viscom et Syna, l’organe responsable des six profils professionnels de la branche graphique (Polygraphe CFC, Interactive Media Designer CFC, Technologue em Médias CFC, Façonneur/-euse de produits imprimés CFC, Technologue en Reliure CFC, Assistant/-e en médias imprimés AFP,&nbsp;</p>



<h2 class="wp-block-heading">Façonnons ensemble l’avenir de nos métiers&nbsp;</h2>



<p>Non seulement les programmes informatiques et les technologies évoluent rapidement, mais aussi nos métiers. Nous sommes là lorsque de nouvelles professions sont créées et exerçons ainsi un impact considérable sur l’avenir de nos branches.</p>



<p>Comme la formation ne s’achève plus après l’apprentissage professionnel, nous proposons à nos membres <a href="https://syndicom.ch/fr/formation-continue-cours-education/" target="_blank" rel="noreferrer noopener">une large palette de formations et de perfectionnements</a> pour se tenir à jour et rafraîchir leurs connaissances.</p>
</div>
</div>

<p>CCT Industrie graphique Grâce à la CCT, tu bénéficies dans l’industrie graphique d’un grand nombre de dispositions qui vont au-delà des prescriptions minimales. Validité CCT01.01.2025 &#8211; 31.12.2026 Dans l’industrie graphique, le monde du travail est en mutation depuis des siècles. syndicom représente et défend la voix des salarié-es. Afin que les décisions concernant les changements [&hellip;]</p>

<!-- This site is optimized with the Yoast SEO plugin v27.3 - https://yoast.com/product/yoast-seo-wordpress/ -->
<title>Industrie graphique - syndicom</title>
<meta name="description" content="Grâce à la CCT, tu bénéficies dans l&#039;industrie graphique de de nombreuses dispositions qui vont au-delà des prescriptions minimales." />
<meta name="robots" content="index, follow, max-snippet:-1, max-image-preview:large, max-video-preview:-1" />
<link rel="canonical" href="https://syndicom.ch/fr/entree-glossaire/industrie-graphique/" />
<meta property="og:locale" content="fr_FR" />
<meta property="og:type" content="article" />
<meta property="og:title" content="Industrie graphique - syndicom" />
<meta property="og:description" content="Grâce à la CCT, tu bénéficies dans l&#039;industrie graphique de de nombreuses dispositions qui vont au-delà des prescriptions minimales." />
<meta property="og:url" content="https://syndicom.ch/fr/entree-glossaire/industrie-graphique/" />
<meta property="og:site_name" content="syndicom" />
<meta property="article:modified_time" content="2025-10-24T13:14:03+00:00" />
<meta name="twitter:card" content="summary_large_image" />
<meta name="twitter:label1" content="Durée de lecture estimée" />
	<meta name="twitter:data1" content="2 minutes" />
<script type="application/ld+json" class="yoast-schema-graph">{"@context":"https:\/\/schema.org","@graph":[{"@type":"WebPage","@id":"https:\/\/syndicom.ch\/fr\/entree-glossaire\/industrie-graphique\/","url":"https:\/\/syndicom.ch\/fr\/entree-glossaire\/industrie-graphique\/","name":"Industrie graphique - syndicom","isPartOf":{"@id":"https:\/\/syndicom.ch\/fr\/#website"},"datePublished":"2025-01-20T14:49:15+00:00","dateModified":"2025-10-24T13:14:03+00:00","description":"Grâce à la CCT, tu bénéficies dans l'industrie graphique de de nombreuses dispositions qui vont au-delà des prescriptions minimales.","breadcrumb":{"@id":"https:\/\/syndicom.ch\/fr\/entree-glossaire\/industrie-graphique\/#breadcrumb"},"inLanguage":"fr-FR","potentialAction":[{"@type":"ReadAction","target":["https:\/\/syndicom.ch\/fr\/entree-glossaire\/industrie-graphique\/"]}]},{"@type":"BreadcrumbList","@id":"https:\/\/syndicom.ch\/fr\/entree-glossaire\/industrie-graphique\/#breadcrumb","itemListElement":[{"@type":"ListItem","position":1,"name":"Page d'accueil","item":"https:\/\/syndicom.ch\/fr\/"},{"@type":"ListItem","position":2,"name":"Industrie graphique"}]},{"@type":"WebSite","@id":"https:\/\/syndicom.ch\/fr\/#website","url":"https:\/\/syndicom.ch\/fr\/","name":"syndicom","description":"","publisher":{"@id":"https:\/\/syndicom.ch\/fr\/#organization"},"potentialAction":[{"@type":"SearchAction","target":{"@type":"EntryPoint","urlTemplate":"https:\/\/syndicom.ch\/fr\/?s={search_term_string}"},"query-input":{"@type":"PropertyValueSpecification","valueRequired":true,"valueName":"search_term_string"}}],"inLanguage":"fr-FR"},{"@type":"Organization","@id":"https:\/\/syndicom.ch\/fr\/#organization","name":"syndicom","url":"https:\/\/syndicom.ch\/fr\/","logo":{"@type":"ImageObject","inLanguage":"fr-FR","@id":"https:\/\/syndicom.ch\/fr\/#\/schema\/logo\/image\/","url":"https:\/\/syndicom.ch\/app\/uploads\/2024\/06\/logo.svg","contentUrl":"https:\/\/syndicom.ch\/app\/uploads\/2024\/06\/logo.svg","width":297,"height":51,"caption":"syndicom"},"image":{"@id":"https:\/\/syndicom.ch\/fr\/#\/schema\/logo\/image\/"}}]}</script>
<!-- / Yoast SEO plugin. -->

Grâce à la CCT, tu bénéficies dans l'industrie graphique de de nombreuses dispositions qui vont au-delà des prescriptions minimales.
