{"id":57082,"date":"2026-02-05T14:47:33","date_gmt":"2026-02-05T13:47:33","guid":{"rendered":"https:\/\/syndicom.ch\/?page_id=57082"},"modified":"2026-04-15T11:23:56","modified_gmt":"2026-04-15T09:23:56","slug":"petition-cablex-emplois","status":"publish","type":"page","link":"https:\/\/syndicom.ch\/fr\/campagnes\/petition-cablex-emplois\/","title":{"rendered":"Renforcer cablex \u2013 garantir les emplois !"},"content":{"rendered":"\n<div class=\"wp-block-group alignfull has-primary-background-color has-background is-layout-constrained wp-block-group-is-layout-constrained\">\n<div class=\"wp-block-group is-style-narrow is-layout-constrained wp-block-group-is-layout-constrained\">\n<h1 class=\"wp-block-heading has-background-color has-text-color has-link-color wp-elements-182cace3acd4a9660a58f26b7899cf36\"><strong>Renforcer cablex \u2013 garantir les emplois<\/strong><\/h1>\n\n\n\n<div class=\"wp-block-columns is-layout-flex wp-container-core-columns-is-layout-9d6595d7 wp-block-columns-is-layout-flex\">\n<div class=\"wp-block-column is-layout-flow wp-block-column-is-layout-flow\" style=\"flex-basis:66.66%\">\n<p class=\"is-style-lead has-background-color has-text-color has-link-color wp-elements-913b23648af46b134b680278cc898697\">Avec notre p\u00e9tition, nous exigeons de Swisscom et de cablex qu&rsquo;ils mettent fin \u00e0 la pression ruineuse sur les prix, qu&rsquo;ils attribuent \u00e0 cablex des mandats couvrant les co\u00fbts et qu&rsquo;ils fassent preuve de transparence.<\/p>\n<\/div>\n\n\n\n<div class=\"wp-block-column is-layout-flow wp-block-column-is-layout-flow\" style=\"flex-basis:33.33%\">\n<div class=\"wp-block-group is-vertical is-nowrap is-layout-flex wp-container-core-group-is-layout-fc43baa9 wp-block-group-is-layout-flex\">\n<p><a href=\"#exigences\" type=\"internal\" id=\"#exigences\"><mark style=\"background-color:#0D7EAC\" class=\"has-inline-color has-background-color\">\u279c Nos exigences<\/mark><\/a><br><a href=\"#FAQ\" type=\"internal\" id=\"#FAQ\"><mark style=\"background-color:#0D7EAC\" class=\"has-inline-color has-background-color\">\u279c FAQ<\/mark><\/a><\/p>\n\n\n\n<p><\/p>\n<\/div>\n<\/div>\n<\/div>\n<\/div>\n<\/div>\n\n\n\n<div class=\"wp-block-group alignfull has-background-background-color has-background is-layout-constrained wp-block-group-is-layout-constrained\">\n<div class=\"wp-block-group is-style-narrow is-layout-constrained wp-block-group-is-layout-constrained\">\n<h2 class=\"wp-block-heading\"><strong>Pour la s\u00e9curit\u00e9 de l&#8217;emploi \u2013 contre les licenciements<\/strong><\/h2>\n\n\n\n<p>Le licenciement collectif d\u00e9cid\u00e9 par cablex met en p\u00e9ril l\u2019existence des personnes concern\u00e9es et fragilise l\u2019ensemble du personnel.<\/p>\n\n\n\n<p>Le secteur de l\u2019infrastructures de r\u00e9seau subit une forte pression. \u00c0 cela s\u2019ajoute la responsabilit\u00e9 de Swisscom, qui confie de plus en plus de mandats \u00e0 des entreprises tierces, accentuant ainsi la pression sur sa propre filiale cablex.<\/p>\n\n\n\n<h2 class=\"wp-block-heading\" id=\"exigences\">Nos exigences<\/h2>\n\n\n\n<h3 class=\"wp-block-heading\"><strong>Les signataires exigent des responsables de Swisscom :<\/strong><\/h3>\n\n\n\n<ul class=\"wp-block-list\">\n<li class=\"is-style-check\">Mettre fin \u00e0 la pression ruineuse sur les prix dans le secteur des infrastructures de r\u00e9seau.<\/li>\n\n\n\n<li class=\"is-style-check\">Donner la priorit\u00e9 \u00e0 sa propre filiale, cablex, lors de l\u2019attribution des mandats.<\/li>\n\n\n\n<li class=\"is-style-check\">Attribuer \u00e0 cablex des mandats \u00e9conomiquement viables.<\/li>\n<\/ul>\n\n\n\n<p class=\"has-tertiary-background-color has-background\">L\u2019objectif de Swisscom doit consister \u00e0 occuper les collaborateur-trices de cablex et \u00e0 rendre inutiles d\u2019autres licenciements.<\/p>\n\n\n\n<h3 class=\"wp-block-heading\"><strong><strong><strong>Les signataires exigent des responsables de cablex :<\/strong><\/strong><\/strong><\/h3>\n\n\n\n<ul class=\"wp-block-list\">\n<li class=\"is-style-check\">Aucun nouveau licenciement.<\/li>\n\n\n\n<li class=\"is-style-check\">Garantie de l\u2019emploi pour les collaborateur-trices.<\/li>\n\n\n\n<li class=\"is-style-check\">Pas de sous-traitance \u00e0 bas co\u00fbt.<\/li>\n\n\n\n<li class=\"is-style-check\">Lancer un programme ambitieux de formation continue et de reconversion vers de nouveaux domaines d\u2019activit\u00e9.<\/li>\n\n\n\n<li class=\"is-style-check\">D\u00e9velopper de nouveaux mandats et de nouveaux secteurs pour assurer une charge de travail stable.<\/li>\n\n\n\n<li class=\"is-style-check\">Pas d\u2019externalisation vers des entreprises tierces.<\/li>\n\n\n\n<li class=\"is-style-check\">Transparence totale et r\u00e9guli\u00e8re sur la situation et l\u2019avenir de l\u2019entreprise.<\/li>\n<\/ul>\n\n\n\n<p class=\"has-tertiary-background-color has-background\">L\u2019objectif de cablex doit consister \u00e0 garantir la s\u00e9curit\u00e9 de l\u2019emploi des collaborateur-trices qui travaillent pour la plupart de longue date dans l\u2019entreprise.<\/p>\n<\/div>\n<\/div>\n\n\n\n\n\n\n","protected":false},"excerpt":{"rendered":"<p>Nous exigeons de Swisscom et de cablex qu&rsquo;ils mettent fin \u00e0 la pression ruineuse sur les prix et qu&rsquo;ils fassent preuve de transparence.<\/p>\n","protected":false},"author":3,"featured_media":0,"parent":5964,"menu_order":0,"comment_status":"closed","ping_status":"closed","template":"","meta":{"_acf_changed":false,"inline_featured_image":false,"_coblocks_attr":"","_coblocks_dimensions":"","_coblocks_responsive_height":"","_coblocks_accordion_ie_support":"","footnotes":""},"categories":[370],"class_list":["post-57082","page","type-page","status-publish","hentry","category-campagne"],"acf":[],"yoast_head":"<!-- This site is optimized with the Yoast SEO plugin v27.3 - https:\/\/yoast.com\/product\/yoast-seo-wordpress\/ -->\n<title>Renforcer cablex \u2013 garantir les emplois ! - syndicom<\/title>\n<meta name=\"description\" content=\"Nous exigeons de Swisscom et de cablex qu&#039;ils mettent fin \u00e0 la pression ruineuse sur les prix et qu&#039;ils fassent preuve de transparence.\" \/>\n<meta name=\"robots\" content=\"index, follow, max-snippet:-1, max-image-preview:large, max-video-preview:-1\" \/>\n<link rel=\"canonical\" href=\"https:\/\/syndicom.ch\/fr\/campagnes\/petition-cablex-emplois\/\" \/>\n<meta property=\"og:locale\" content=\"fr_FR\" \/>\n<meta property=\"og:type\" content=\"article\" \/>\n<meta property=\"og:title\" content=\"Renforcer cablex \u2013 garantir les emplois ! - syndicom\" \/>\n<meta property=\"og:description\" content=\"Nous exigeons de Swisscom et de cablex qu&#039;ils mettent fin \u00e0 la pression ruineuse sur les prix et qu&#039;ils fassent preuve de transparence.\" \/>\n<meta property=\"og:url\" content=\"https:\/\/syndicom.ch\/fr\/campagnes\/petition-cablex-emplois\/\" \/>\n<meta property=\"og:site_name\" content=\"syndicom\" \/>\n<meta property=\"article:modified_time\" content=\"2026-04-15T09:23:56+00:00\" \/>\n<meta name=\"twitter:card\" content=\"summary_large_image\" \/>\n<meta name=\"twitter:label1\" content=\"Dur\u00e9e de lecture estim\u00e9e\" \/>\n\t<meta name=\"twitter:data1\" content=\"4 minutes\" \/>\n<script type=\"application\/ld+json\" class=\"yoast-schema-graph\">{\"@context\":\"https:\\\/\\\/schema.org\",\"@graph\":[{\"@type\":\"WebPage\",\"@id\":\"https:\\\/\\\/syndicom.ch\\\/fr\\\/campagnes\\\/petition-cablex-emplois\\\/\",\"url\":\"https:\\\/\\\/syndicom.ch\\\/fr\\\/campagnes\\\/petition-cablex-emplois\\\/\",\"name\":\"Renforcer cablex \u2013 garantir les emplois ! - syndicom\",\"isPartOf\":{\"@id\":\"https:\\\/\\\/syndicom.ch\\\/fr\\\/#website\"},\"datePublished\":\"2026-02-05T13:47:33+00:00\",\"dateModified\":\"2026-04-15T09:23:56+00:00\",\"description\":\"Nous exigeons de Swisscom et de cablex qu'ils mettent fin \u00e0 la pression ruineuse sur les prix et qu'ils fassent preuve de transparence.\",\"breadcrumb\":{\"@id\":\"https:\\\/\\\/syndicom.ch\\\/fr\\\/campagnes\\\/petition-cablex-emplois\\\/#breadcrumb\"},\"inLanguage\":\"fr-FR\",\"potentialAction\":[{\"@type\":\"ReadAction\",\"target\":[\"https:\\\/\\\/syndicom.ch\\\/fr\\\/campagnes\\\/petition-cablex-emplois\\\/\"]}]},{\"@type\":\"BreadcrumbList\",\"@id\":\"https:\\\/\\\/syndicom.ch\\\/fr\\\/campagnes\\\/petition-cablex-emplois\\\/#breadcrumb\",\"itemListElement\":[{\"@type\":\"ListItem\",\"position\":1,\"name\":\"Page d'accueil\",\"item\":\"https:\\\/\\\/syndicom.ch\\\/fr\\\/\"},{\"@type\":\"ListItem\",\"position\":2,\"name\":\"Campagnes\",\"item\":\"https:\\\/\\\/syndicom.ch\\\/fr\\\/campagnes\\\/\"},{\"@type\":\"ListItem\",\"position\":3,\"name\":\"Renforcer cablex \u2013 garantir les emplois !\"}]},{\"@type\":\"WebSite\",\"@id\":\"https:\\\/\\\/syndicom.ch\\\/fr\\\/#website\",\"url\":\"https:\\\/\\\/syndicom.ch\\\/fr\\\/\",\"name\":\"syndicom\",\"description\":\"\",\"publisher\":{\"@id\":\"https:\\\/\\\/syndicom.ch\\\/fr\\\/#organization\"},\"potentialAction\":[{\"@type\":\"SearchAction\",\"target\":{\"@type\":\"EntryPoint\",\"urlTemplate\":\"https:\\\/\\\/syndicom.ch\\\/fr\\\/?s={search_term_string}\"},\"query-input\":{\"@type\":\"PropertyValueSpecification\",\"valueRequired\":true,\"valueName\":\"search_term_string\"}}],\"inLanguage\":\"fr-FR\"},{\"@type\":\"Organization\",\"@id\":\"https:\\\/\\\/syndicom.ch\\\/fr\\\/#organization\",\"name\":\"syndicom\",\"url\":\"https:\\\/\\\/syndicom.ch\\\/fr\\\/\",\"logo\":{\"@type\":\"ImageObject\",\"inLanguage\":\"fr-FR\",\"@id\":\"https:\\\/\\\/syndicom.ch\\\/fr\\\/#\\\/schema\\\/logo\\\/image\\\/\",\"url\":\"https:\\\/\\\/syndicom.ch\\\/app\\\/uploads\\\/2024\\\/06\\\/logo.svg\",\"contentUrl\":\"https:\\\/\\\/syndicom.ch\\\/app\\\/uploads\\\/2024\\\/06\\\/logo.svg\",\"width\":297,\"height\":51,\"caption\":\"syndicom\"},\"image\":{\"@id\":\"https:\\\/\\\/syndicom.ch\\\/fr\\\/#\\\/schema\\\/logo\\\/image\\\/\"}}]}<\/script>\n<!-- \/ Yoast SEO plugin. -->","yoast_head_json":{"title":"Renforcer cablex \u2013 garantir les emplois ! - syndicom","description":"Nous exigeons de Swisscom et de cablex qu'ils mettent fin \u00e0 la pression ruineuse sur les prix et qu'ils fassent preuve de transparence.","robots":{"index":"index","follow":"follow","max-snippet":"max-snippet:-1","max-image-preview":"max-image-preview:large","max-video-preview":"max-video-preview:-1"},"canonical":"https:\/\/syndicom.ch\/fr\/campagnes\/petition-cablex-emplois\/","og_locale":"fr_FR","og_type":"article","og_title":"Renforcer cablex \u2013 garantir les emplois ! - syndicom","og_description":"Nous exigeons de Swisscom et de cablex qu'ils mettent fin \u00e0 la pression ruineuse sur les prix et qu'ils fassent preuve de transparence.","og_url":"https:\/\/syndicom.ch\/fr\/campagnes\/petition-cablex-emplois\/","og_site_name":"syndicom","article_modified_time":"2026-04-15T09:23:56+00:00","twitter_card":"summary_large_image","twitter_misc":{"Dur\u00e9e de lecture estim\u00e9e":"4 minutes"},"schema":{"@context":"https:\/\/schema.org","@graph":[{"@type":"WebPage","@id":"https:\/\/syndicom.ch\/fr\/campagnes\/petition-cablex-emplois\/","url":"https:\/\/syndicom.ch\/fr\/campagnes\/petition-cablex-emplois\/","name":"Renforcer cablex \u2013 garantir les emplois ! - syndicom","isPartOf":{"@id":"https:\/\/syndicom.ch\/fr\/#website"},"datePublished":"2026-02-05T13:47:33+00:00","dateModified":"2026-04-15T09:23:56+00:00","description":"Nous exigeons de Swisscom et de cablex qu'ils mettent fin \u00e0 la pression ruineuse sur les prix et qu'ils fassent preuve de transparence.","breadcrumb":{"@id":"https:\/\/syndicom.ch\/fr\/campagnes\/petition-cablex-emplois\/#breadcrumb"},"inLanguage":"fr-FR","potentialAction":[{"@type":"ReadAction","target":["https:\/\/syndicom.ch\/fr\/campagnes\/petition-cablex-emplois\/"]}]},{"@type":"BreadcrumbList","@id":"https:\/\/syndicom.ch\/fr\/campagnes\/petition-cablex-emplois\/#breadcrumb","itemListElement":[{"@type":"ListItem","position":1,"name":"Page d'accueil","item":"https:\/\/syndicom.ch\/fr\/"},{"@type":"ListItem","position":2,"name":"Campagnes","item":"https:\/\/syndicom.ch\/fr\/campagnes\/"},{"@type":"ListItem","position":3,"name":"Renforcer cablex \u2013 garantir les emplois !"}]},{"@type":"WebSite","@id":"https:\/\/syndicom.ch\/fr\/#website","url":"https:\/\/syndicom.ch\/fr\/","name":"syndicom","description":"","publisher":{"@id":"https:\/\/syndicom.ch\/fr\/#organization"},"potentialAction":[{"@type":"SearchAction","target":{"@type":"EntryPoint","urlTemplate":"https:\/\/syndicom.ch\/fr\/?s={search_term_string}"},"query-input":{"@type":"PropertyValueSpecification","valueRequired":true,"valueName":"search_term_string"}}],"inLanguage":"fr-FR"},{"@type":"Organization","@id":"https:\/\/syndicom.ch\/fr\/#organization","name":"syndicom","url":"https:\/\/syndicom.ch\/fr\/","logo":{"@type":"ImageObject","inLanguage":"fr-FR","@id":"https:\/\/syndicom.ch\/fr\/#\/schema\/logo\/image\/","url":"https:\/\/syndicom.ch\/app\/uploads\/2024\/06\/logo.svg","contentUrl":"https:\/\/syndicom.ch\/app\/uploads\/2024\/06\/logo.svg","width":297,"height":51,"caption":"syndicom"},"image":{"@id":"https:\/\/syndicom.ch\/fr\/#\/schema\/logo\/image\/"}}]}},"_links":{"self":[{"href":"https:\/\/syndicom.ch\/fr\/wp-json\/wp\/v2\/pages\/57082","targetHints":{"allow":["GET"]}}],"collection":[{"href":"https:\/\/syndicom.ch\/fr\/wp-json\/wp\/v2\/pages"}],"about":[{"href":"https:\/\/syndicom.ch\/fr\/wp-json\/wp\/v2\/types\/page"}],"author":[{"embeddable":true,"href":"https:\/\/syndicom.ch\/fr\/wp-json\/wp\/v2\/users\/3"}],"replies":[{"embeddable":true,"href":"https:\/\/syndicom.ch\/fr\/wp-json\/wp\/v2\/comments?post=57082"}],"version-history":[{"count":43,"href":"https:\/\/syndicom.ch\/fr\/wp-json\/wp\/v2\/pages\/57082\/revisions"}],"predecessor-version":[{"id":61053,"href":"https:\/\/syndicom.ch\/fr\/wp-json\/wp\/v2\/pages\/57082\/revisions\/61053"}],"up":[{"embeddable":true,"href":"https:\/\/syndicom.ch\/fr\/wp-json\/wp\/v2\/pages\/5964"}],"wp:attachment":[{"href":"https:\/\/syndicom.ch\/fr\/wp-json\/wp\/v2\/media?parent=57082"}],"wp:term":[{"taxonomy":"category","embeddable":true,"href":"https:\/\/syndicom.ch\/fr\/wp-json\/wp\/v2\/categories?post=57082"}],"curies":[{"name":"wp","href":"https:\/\/api.w.org\/{rel}","templated":true}]}}

<div class="wp-block-group alignfull has-primary-background-color has-background is-layout-constrained wp-block-group-is-layout-constrained">
<div class="wp-block-group is-style-narrow is-layout-constrained wp-block-group-is-layout-constrained">
<h1 class="wp-block-heading has-background-color has-text-color has-link-color wp-elements-182cace3acd4a9660a58f26b7899cf36"><strong>Renforcer cablex – garantir les emplois</strong></h1>



<div class="wp-block-columns is-layout-flex wp-container-core-columns-is-layout-9d6595d7 wp-block-columns-is-layout-flex">
<div class="wp-block-column is-layout-flow wp-block-column-is-layout-flow" style="flex-basis:66.66%">
<p class="is-style-lead has-background-color has-text-color has-link-color wp-elements-913b23648af46b134b680278cc898697">Avec notre pétition, nous exigeons de Swisscom et de cablex qu&rsquo;ils mettent fin à la pression ruineuse sur les prix, qu&rsquo;ils attribuent à cablex des mandats couvrant les coûts et qu&rsquo;ils fassent preuve de transparence.</p>
</div>



<div class="wp-block-column is-layout-flow wp-block-column-is-layout-flow" style="flex-basis:33.33%">
<div class="wp-block-group is-vertical is-nowrap is-layout-flex wp-container-core-group-is-layout-fc43baa9 wp-block-group-is-layout-flex">
<p><a href="#exigences" type="internal" id="#exigences"><mark style="background-color:#0D7EAC" class="has-inline-color has-background-color">➜ Nos exigences</mark></a><br><a href="#FAQ" type="internal" id="#FAQ"><mark style="background-color:#0D7EAC" class="has-inline-color has-background-color">➜ FAQ</mark></a></p>



<p></p>
</div>
</div>
</div>
</div>
</div>



<div class="wp-block-group alignfull has-background-background-color has-background is-layout-constrained wp-block-group-is-layout-constrained">
<div class="wp-block-group is-style-narrow is-layout-constrained wp-block-group-is-layout-constrained">
<h2 class="wp-block-heading"><strong>Pour la sécurité de l&#8217;emploi – contre les licenciements</strong></h2>



<p>Le licenciement collectif décidé par cablex met en péril l’existence des personnes concernées et fragilise l’ensemble du personnel.</p>



<p>Le secteur de l’infrastructures de réseau subit une forte pression. À cela s’ajoute la responsabilité de Swisscom, qui confie de plus en plus de mandats à des entreprises tierces, accentuant ainsi la pression sur sa propre filiale cablex.</p>



<h2 class="wp-block-heading" id="exigences">Nos exigences</h2>



<h3 class="wp-block-heading"><strong>Les signataires exigent des responsables de Swisscom :</strong></h3>



<ul class="wp-block-list">
<li class="is-style-check">Mettre fin à la pression ruineuse sur les prix dans le secteur des infrastructures de réseau.</li>



<li class="is-style-check">Donner la priorité à sa propre filiale, cablex, lors de l’attribution des mandats.</li>



<li class="is-style-check">Attribuer à cablex des mandats économiquement viables.</li>
</ul>



<p class="has-tertiary-background-color has-background">L’objectif de Swisscom doit consister à occuper les collaborateur-trices de cablex et à rendre inutiles d’autres licenciements.</p>



<h3 class="wp-block-heading"><strong><strong><strong>Les signataires exigent des responsables de cablex :</strong></strong></strong></h3>



<ul class="wp-block-list">
<li class="is-style-check">Aucun nouveau licenciement.</li>



<li class="is-style-check">Garantie de l’emploi pour les collaborateur-trices.</li>



<li class="is-style-check">Pas de sous-traitance à bas coût.</li>



<li class="is-style-check">Lancer un programme ambitieux de formation continue et de reconversion vers de nouveaux domaines d’activité.</li>



<li class="is-style-check">Développer de nouveaux mandats et de nouveaux secteurs pour assurer une charge de travail stable.</li>



<li class="is-style-check">Pas d’externalisation vers des entreprises tierces.</li>



<li class="is-style-check">Transparence totale et régulière sur la situation et l’avenir de l’entreprise.</li>
</ul>



<p class="has-tertiary-background-color has-background">L’objectif de cablex doit consister à garantir la sécurité de l’emploi des collaborateur-trices qui travaillent pour la plupart de longue date dans l’entreprise.</p>
</div>
</div>

<p>Nous exigeons de Swisscom et de cablex qu&rsquo;ils mettent fin à la pression ruineuse sur les prix et qu&rsquo;ils fassent preuve de transparence.</p>

<!-- This site is optimized with the Yoast SEO plugin v27.3 - https://yoast.com/product/yoast-seo-wordpress/ -->
<title>Renforcer cablex – garantir les emplois ! - syndicom</title>
<meta name="description" content="Nous exigeons de Swisscom et de cablex qu&#039;ils mettent fin à la pression ruineuse sur les prix et qu&#039;ils fassent preuve de transparence." />
<meta name="robots" content="index, follow, max-snippet:-1, max-image-preview:large, max-video-preview:-1" />
<link rel="canonical" href="https://syndicom.ch/fr/campagnes/petition-cablex-emplois/" />
<meta property="og:locale" content="fr_FR" />
<meta property="og:type" content="article" />
<meta property="og:title" content="Renforcer cablex – garantir les emplois ! - syndicom" />
<meta property="og:description" content="Nous exigeons de Swisscom et de cablex qu&#039;ils mettent fin à la pression ruineuse sur les prix et qu&#039;ils fassent preuve de transparence." />
<meta property="og:url" content="https://syndicom.ch/fr/campagnes/petition-cablex-emplois/" />
<meta property="og:site_name" content="syndicom" />
<meta property="article:modified_time" content="2026-04-15T09:23:56+00:00" />
<meta name="twitter:card" content="summary_large_image" />
<meta name="twitter:label1" content="Durée de lecture estimée" />
	<meta name="twitter:data1" content="4 minutes" />
<script type="application/ld+json" class="yoast-schema-graph">{"@context":"https:\/\/schema.org","@graph":[{"@type":"WebPage","@id":"https:\/\/syndicom.ch\/fr\/campagnes\/petition-cablex-emplois\/","url":"https:\/\/syndicom.ch\/fr\/campagnes\/petition-cablex-emplois\/","name":"Renforcer cablex – garantir les emplois ! - syndicom","isPartOf":{"@id":"https:\/\/syndicom.ch\/fr\/#website"},"datePublished":"2026-02-05T13:47:33+00:00","dateModified":"2026-04-15T09:23:56+00:00","description":"Nous exigeons de Swisscom et de cablex qu'ils mettent fin à la pression ruineuse sur les prix et qu'ils fassent preuve de transparence.","breadcrumb":{"@id":"https:\/\/syndicom.ch\/fr\/campagnes\/petition-cablex-emplois\/#breadcrumb"},"inLanguage":"fr-FR","potentialAction":[{"@type":"ReadAction","target":["https:\/\/syndicom.ch\/fr\/campagnes\/petition-cablex-emplois\/"]}]},{"@type":"BreadcrumbList","@id":"https:\/\/syndicom.ch\/fr\/campagnes\/petition-cablex-emplois\/#breadcrumb","itemListElement":[{"@type":"ListItem","position":1,"name":"Page d'accueil","item":"https:\/\/syndicom.ch\/fr\/"},{"@type":"ListItem","position":2,"name":"Campagnes","item":"https:\/\/syndicom.ch\/fr\/campagnes\/"},{"@type":"ListItem","position":3,"name":"Renforcer cablex – garantir les emplois !"}]},{"@type":"WebSite","@id":"https:\/\/syndicom.ch\/fr\/#website","url":"https:\/\/syndicom.ch\/fr\/","name":"syndicom","description":"","publisher":{"@id":"https:\/\/syndicom.ch\/fr\/#organization"},"potentialAction":[{"@type":"SearchAction","target":{"@type":"EntryPoint","urlTemplate":"https:\/\/syndicom.ch\/fr\/?s={search_term_string}"},"query-input":{"@type":"PropertyValueSpecification","valueRequired":true,"valueName":"search_term_string"}}],"inLanguage":"fr-FR"},{"@type":"Organization","@id":"https:\/\/syndicom.ch\/fr\/#organization","name":"syndicom","url":"https:\/\/syndicom.ch\/fr\/","logo":{"@type":"ImageObject","inLanguage":"fr-FR","@id":"https:\/\/syndicom.ch\/fr\/#\/schema\/logo\/image\/","url":"https:\/\/syndicom.ch\/app\/uploads\/2024\/06\/logo.svg","contentUrl":"https:\/\/syndicom.ch\/app\/uploads\/2024\/06\/logo.svg","width":297,"height":51,"caption":"syndicom"},"image":{"@id":"https:\/\/syndicom.ch\/fr\/#\/schema\/logo\/image\/"}}]}</script>
<!-- / Yoast SEO plugin. -->

Nous exigeons de Swisscom et de cablex qu'ils mettent fin à la pression ruineuse sur les prix et qu'ils fassent preuve de transparence.
