{"id":6158,"date":"2024-07-24T14:54:02","date_gmt":"2024-07-24T12:54:02","guid":{"rendered":"https:\/\/projects.atxeit.ch\/syndicom\/?page_id=6158"},"modified":"2026-02-23T15:07:17","modified_gmt":"2026-02-23T14:07:17","slug":"migration","status":"publish","type":"page","link":"https:\/\/syndicom.ch\/fr\/migration\/","title":{"rendered":"Migration"},"content":{"rendered":"\n<div class=\"wp-block-group alignfull has-background-color has-primary-background-color has-text-color has-background has-link-color wp-elements-c8295d77bdc610eb36496c6ec09ad38e is-layout-constrained wp-block-group-is-layout-constrained\">\n<div class=\"wp-block-group is-style-narrow is-layout-constrained wp-block-group-is-layout-constrained\">\n<div class=\"wp-block-columns is-layout-flex wp-container-core-columns-is-layout-9d6595d7 wp-block-columns-is-layout-flex\">\n<div class=\"wp-block-column is-layout-flow wp-block-column-is-layout-flow\" style=\"flex-basis:70%\">\n<h1 class=\"wp-block-heading\">Migration<\/h1>\n\n\n\n<p class=\"is-style-lead\">L\u2019\u00e9conomie suisse sans notre main-d\u2019\u0153uvre \u00e9trang\u00e8re? Impensable. Pourtant, l\u2019immense contribution des migrant-e-s \u00e0 notre prosp\u00e9rit\u00e9 est souvent m\u00e9connue ou mal r\u00e9tribu\u00e9e. Les femmes et les hommes du GI Migration, qu\u2019ils d\u00e9tiennent ou non un passeport suisse, luttent pour une Suisse ouverte, \u00e9quitable et forte.<\/p>\n<\/div>\n<\/div>\n<\/div>\n<\/div>\n\n\n\n<div class=\"wp-block-group alignfull has-background-background-color has-background is-layout-constrained wp-block-group-is-layout-constrained\">\n<div class=\"wp-block-group is-style-narrow is-layout-constrained wp-block-group-is-layout-constrained\">\n<h2 class=\"wp-block-heading\"><strong>Pour des conditions de travail \u00e9quitables<\/strong><\/h2>\n\n\n\n<p>Le GI Migration a pour but d\u2019am\u00e9liorer les conditions de travail des migrant-e-s et de r\u00e9pondre \u00e0 leurs besoins sp\u00e9cifiques. Nous veillons \u00e0 donner la parole aux migrant-e-s et \u00e0 faire valoir leurs droits dans les campagnes politiques (offensive de naturalisation), lors des n\u00e9gociations CCT, mais aussi au sein de tous les organes syndicaux.<\/p>\n\n\n\n<h2 class=\"wp-block-heading\"><strong>Plus de participation et de s\u00e9curit\u00e9<\/strong><\/h2>\n\n\n\n<p>L\u2019\u00e9galit\u00e9 des droits est un th\u00e8me central dans le monde du travail \u2013 en particulier pour les migrants. syndicom a pour objectif de contribuer, en collaboration avec le GI Migration, \u00e0 une meilleure int\u00e9gration des migrant-e-s dans tous les domaines de vie. Il veut notamment faciliter l\u2019\u00e9galit\u00e9 des chances, am\u00e9liorer la participation politique et rendre plus s\u00fbr le s\u00e9jour de la population \u00e9trang\u00e8re.<\/p>\n<\/div>\n<\/div>\n","protected":false},"excerpt":{"rendered":"<p>Pour des conditions de travail \u00e9quitables Le GI Migration a pour but d\u2019am\u00e9liorer les conditions de travail des migrant-e-s et de r\u00e9pondre \u00e0 leurs besoins sp\u00e9cifiques. Nous veillons \u00e0 donner la parole aux migrant-e-s et \u00e0 faire valoir leurs droits dans les campagnes politiques (offensive de naturalisation), lors des n\u00e9gociations CCT, mais aussi au sein [&hellip;]<\/p>\n","protected":false},"author":2,"featured_media":0,"parent":0,"menu_order":0,"comment_status":"closed","ping_status":"closed","template":"","meta":{"_acf_changed":false,"inline_featured_image":false,"_coblocks_attr":"","_coblocks_dimensions":"","_coblocks_responsive_height":"","_coblocks_accordion_ie_support":"","footnotes":""},"categories":[],"class_list":["post-6158","page","type-page","status-publish","hentry"],"acf":[],"yoast_head":"<!-- This site is optimized with the Yoast SEO plugin v27.3 - https:\/\/yoast.com\/product\/yoast-seo-wordpress\/ -->\n<title>Migration - syndicom<\/title>\n<meta name=\"description\" content=\"Les femmes et les hommes du GI Migration, qu\u2019ils d\u00e9tiennent ou non un passeport suisse, luttent pour une Suisse ouverte, \u00e9quitable et forte.\" \/>\n<meta name=\"robots\" content=\"index, follow, max-snippet:-1, max-image-preview:large, max-video-preview:-1\" \/>\n<link rel=\"canonical\" href=\"https:\/\/syndicom.ch\/fr\/migration\/\" \/>\n<meta property=\"og:locale\" content=\"fr_FR\" \/>\n<meta property=\"og:type\" content=\"article\" \/>\n<meta property=\"og:title\" content=\"Migration - syndicom\" \/>\n<meta property=\"og:description\" content=\"Les femmes et les hommes du GI Migration, qu\u2019ils d\u00e9tiennent ou non un passeport suisse, luttent pour une Suisse ouverte, \u00e9quitable et forte.\" \/>\n<meta property=\"og:url\" content=\"https:\/\/syndicom.ch\/fr\/migration\/\" \/>\n<meta property=\"og:site_name\" content=\"syndicom\" \/>\n<meta property=\"article:modified_time\" content=\"2026-02-23T14:07:17+00:00\" \/>\n<meta name=\"twitter:card\" content=\"summary_large_image\" \/>\n<meta name=\"twitter:label1\" content=\"Dur\u00e9e de lecture estim\u00e9e\" \/>\n\t<meta name=\"twitter:data1\" content=\"2 minutes\" \/>\n<script type=\"application\/ld+json\" class=\"yoast-schema-graph\">{\"@context\":\"https:\\\/\\\/schema.org\",\"@graph\":[{\"@type\":\"WebPage\",\"@id\":\"https:\\\/\\\/syndicom.ch\\\/fr\\\/migration\\\/\",\"url\":\"https:\\\/\\\/syndicom.ch\\\/fr\\\/migration\\\/\",\"name\":\"Migration - syndicom\",\"isPartOf\":{\"@id\":\"https:\\\/\\\/syndicom.ch\\\/fr\\\/#website\"},\"datePublished\":\"2024-07-24T12:54:02+00:00\",\"dateModified\":\"2026-02-23T14:07:17+00:00\",\"description\":\"Les femmes et les hommes du GI Migration, qu\u2019ils d\u00e9tiennent ou non un passeport suisse, luttent pour une Suisse ouverte, \u00e9quitable et forte.\",\"breadcrumb\":{\"@id\":\"https:\\\/\\\/syndicom.ch\\\/fr\\\/migration\\\/#breadcrumb\"},\"inLanguage\":\"fr-FR\",\"potentialAction\":[{\"@type\":\"ReadAction\",\"target\":[\"https:\\\/\\\/syndicom.ch\\\/fr\\\/migration\\\/\"]}]},{\"@type\":\"BreadcrumbList\",\"@id\":\"https:\\\/\\\/syndicom.ch\\\/fr\\\/migration\\\/#breadcrumb\",\"itemListElement\":[{\"@type\":\"ListItem\",\"position\":1,\"name\":\"Page d'accueil\",\"item\":\"https:\\\/\\\/syndicom.ch\\\/fr\\\/\"},{\"@type\":\"ListItem\",\"position\":2,\"name\":\"Migration\"}]},{\"@type\":\"WebSite\",\"@id\":\"https:\\\/\\\/syndicom.ch\\\/fr\\\/#website\",\"url\":\"https:\\\/\\\/syndicom.ch\\\/fr\\\/\",\"name\":\"syndicom\",\"description\":\"\",\"publisher\":{\"@id\":\"https:\\\/\\\/syndicom.ch\\\/fr\\\/#organization\"},\"potentialAction\":[{\"@type\":\"SearchAction\",\"target\":{\"@type\":\"EntryPoint\",\"urlTemplate\":\"https:\\\/\\\/syndicom.ch\\\/fr\\\/?s={search_term_string}\"},\"query-input\":{\"@type\":\"PropertyValueSpecification\",\"valueRequired\":true,\"valueName\":\"search_term_string\"}}],\"inLanguage\":\"fr-FR\"},{\"@type\":\"Organization\",\"@id\":\"https:\\\/\\\/syndicom.ch\\\/fr\\\/#organization\",\"name\":\"syndicom\",\"url\":\"https:\\\/\\\/syndicom.ch\\\/fr\\\/\",\"logo\":{\"@type\":\"ImageObject\",\"inLanguage\":\"fr-FR\",\"@id\":\"https:\\\/\\\/syndicom.ch\\\/fr\\\/#\\\/schema\\\/logo\\\/image\\\/\",\"url\":\"https:\\\/\\\/syndicom.ch\\\/app\\\/uploads\\\/2024\\\/06\\\/logo.svg\",\"contentUrl\":\"https:\\\/\\\/syndicom.ch\\\/app\\\/uploads\\\/2024\\\/06\\\/logo.svg\",\"width\":297,\"height\":51,\"caption\":\"syndicom\"},\"image\":{\"@id\":\"https:\\\/\\\/syndicom.ch\\\/fr\\\/#\\\/schema\\\/logo\\\/image\\\/\"}}]}<\/script>\n<!-- \/ Yoast SEO plugin. -->","yoast_head_json":{"title":"Migration - syndicom","description":"Les femmes et les hommes du GI Migration, qu\u2019ils d\u00e9tiennent ou non un passeport suisse, luttent pour une Suisse ouverte, \u00e9quitable et forte.","robots":{"index":"index","follow":"follow","max-snippet":"max-snippet:-1","max-image-preview":"max-image-preview:large","max-video-preview":"max-video-preview:-1"},"canonical":"https:\/\/syndicom.ch\/fr\/migration\/","og_locale":"fr_FR","og_type":"article","og_title":"Migration - syndicom","og_description":"Les femmes et les hommes du GI Migration, qu\u2019ils d\u00e9tiennent ou non un passeport suisse, luttent pour une Suisse ouverte, \u00e9quitable et forte.","og_url":"https:\/\/syndicom.ch\/fr\/migration\/","og_site_name":"syndicom","article_modified_time":"2026-02-23T14:07:17+00:00","twitter_card":"summary_large_image","twitter_misc":{"Dur\u00e9e de lecture estim\u00e9e":"2 minutes"},"schema":{"@context":"https:\/\/schema.org","@graph":[{"@type":"WebPage","@id":"https:\/\/syndicom.ch\/fr\/migration\/","url":"https:\/\/syndicom.ch\/fr\/migration\/","name":"Migration - syndicom","isPartOf":{"@id":"https:\/\/syndicom.ch\/fr\/#website"},"datePublished":"2024-07-24T12:54:02+00:00","dateModified":"2026-02-23T14:07:17+00:00","description":"Les femmes et les hommes du GI Migration, qu\u2019ils d\u00e9tiennent ou non un passeport suisse, luttent pour une Suisse ouverte, \u00e9quitable et forte.","breadcrumb":{"@id":"https:\/\/syndicom.ch\/fr\/migration\/#breadcrumb"},"inLanguage":"fr-FR","potentialAction":[{"@type":"ReadAction","target":["https:\/\/syndicom.ch\/fr\/migration\/"]}]},{"@type":"BreadcrumbList","@id":"https:\/\/syndicom.ch\/fr\/migration\/#breadcrumb","itemListElement":[{"@type":"ListItem","position":1,"name":"Page d'accueil","item":"https:\/\/syndicom.ch\/fr\/"},{"@type":"ListItem","position":2,"name":"Migration"}]},{"@type":"WebSite","@id":"https:\/\/syndicom.ch\/fr\/#website","url":"https:\/\/syndicom.ch\/fr\/","name":"syndicom","description":"","publisher":{"@id":"https:\/\/syndicom.ch\/fr\/#organization"},"potentialAction":[{"@type":"SearchAction","target":{"@type":"EntryPoint","urlTemplate":"https:\/\/syndicom.ch\/fr\/?s={search_term_string}"},"query-input":{"@type":"PropertyValueSpecification","valueRequired":true,"valueName":"search_term_string"}}],"inLanguage":"fr-FR"},{"@type":"Organization","@id":"https:\/\/syndicom.ch\/fr\/#organization","name":"syndicom","url":"https:\/\/syndicom.ch\/fr\/","logo":{"@type":"ImageObject","inLanguage":"fr-FR","@id":"https:\/\/syndicom.ch\/fr\/#\/schema\/logo\/image\/","url":"https:\/\/syndicom.ch\/app\/uploads\/2024\/06\/logo.svg","contentUrl":"https:\/\/syndicom.ch\/app\/uploads\/2024\/06\/logo.svg","width":297,"height":51,"caption":"syndicom"},"image":{"@id":"https:\/\/syndicom.ch\/fr\/#\/schema\/logo\/image\/"}}]}},"_links":{"self":[{"href":"https:\/\/syndicom.ch\/fr\/wp-json\/wp\/v2\/pages\/6158","targetHints":{"allow":["GET"]}}],"collection":[{"href":"https:\/\/syndicom.ch\/fr\/wp-json\/wp\/v2\/pages"}],"about":[{"href":"https:\/\/syndicom.ch\/fr\/wp-json\/wp\/v2\/types\/page"}],"author":[{"embeddable":true,"href":"https:\/\/syndicom.ch\/fr\/wp-json\/wp\/v2\/users\/2"}],"replies":[{"embeddable":true,"href":"https:\/\/syndicom.ch\/fr\/wp-json\/wp\/v2\/comments?post=6158"}],"version-history":[{"count":8,"href":"https:\/\/syndicom.ch\/fr\/wp-json\/wp\/v2\/pages\/6158\/revisions"}],"predecessor-version":[{"id":58320,"href":"https:\/\/syndicom.ch\/fr\/wp-json\/wp\/v2\/pages\/6158\/revisions\/58320"}],"wp:attachment":[{"href":"https:\/\/syndicom.ch\/fr\/wp-json\/wp\/v2\/media?parent=6158"}],"wp:term":[{"taxonomy":"category","embeddable":true,"href":"https:\/\/syndicom.ch\/fr\/wp-json\/wp\/v2\/categories?post=6158"}],"curies":[{"name":"wp","href":"https:\/\/api.w.org\/{rel}","templated":true}]}}

<div class="wp-block-group alignfull has-background-color has-primary-background-color has-text-color has-background has-link-color wp-elements-c8295d77bdc610eb36496c6ec09ad38e is-layout-constrained wp-block-group-is-layout-constrained">
<div class="wp-block-group is-style-narrow is-layout-constrained wp-block-group-is-layout-constrained">
<div class="wp-block-columns is-layout-flex wp-container-core-columns-is-layout-9d6595d7 wp-block-columns-is-layout-flex">
<div class="wp-block-column is-layout-flow wp-block-column-is-layout-flow" style="flex-basis:70%">
<h1 class="wp-block-heading">Migration</h1>



<p class="is-style-lead">L’économie suisse sans notre main-d’œuvre étrangère? Impensable. Pourtant, l’immense contribution des migrant-e-s à notre prospérité est souvent méconnue ou mal rétribuée. Les femmes et les hommes du GI Migration, qu’ils détiennent ou non un passeport suisse, luttent pour une Suisse ouverte, équitable et forte.</p>
</div>
</div>
</div>
</div>



<div class="wp-block-group alignfull has-background-background-color has-background is-layout-constrained wp-block-group-is-layout-constrained">
<div class="wp-block-group is-style-narrow is-layout-constrained wp-block-group-is-layout-constrained">
<h2 class="wp-block-heading"><strong>Pour des conditions de travail équitables</strong></h2>



<p>Le GI Migration a pour but d’améliorer les conditions de travail des migrant-e-s et de répondre à leurs besoins spécifiques. Nous veillons à donner la parole aux migrant-e-s et à faire valoir leurs droits dans les campagnes politiques (offensive de naturalisation), lors des négociations CCT, mais aussi au sein de tous les organes syndicaux.</p>



<h2 class="wp-block-heading"><strong>Plus de participation et de sécurité</strong></h2>



<p>L’égalité des droits est un thème central dans le monde du travail – en particulier pour les migrants. syndicom a pour objectif de contribuer, en collaboration avec le GI Migration, à une meilleure intégration des migrant-e-s dans tous les domaines de vie. Il veut notamment faciliter l’égalité des chances, améliorer la participation politique et rendre plus sûr le séjour de la population étrangère.</p>
</div>
</div>

<p>Pour des conditions de travail équitables Le GI Migration a pour but d’améliorer les conditions de travail des migrant-e-s et de répondre à leurs besoins spécifiques. Nous veillons à donner la parole aux migrant-e-s et à faire valoir leurs droits dans les campagnes politiques (offensive de naturalisation), lors des négociations CCT, mais aussi au sein [&hellip;]</p>

<!-- This site is optimized with the Yoast SEO plugin v27.3 - https://yoast.com/product/yoast-seo-wordpress/ -->
<title>Migration - syndicom</title>
<meta name="description" content="Les femmes et les hommes du GI Migration, qu’ils détiennent ou non un passeport suisse, luttent pour une Suisse ouverte, équitable et forte." />
<meta name="robots" content="index, follow, max-snippet:-1, max-image-preview:large, max-video-preview:-1" />
<link rel="canonical" href="https://syndicom.ch/fr/migration/" />
<meta property="og:locale" content="fr_FR" />
<meta property="og:type" content="article" />
<meta property="og:title" content="Migration - syndicom" />
<meta property="og:description" content="Les femmes et les hommes du GI Migration, qu’ils détiennent ou non un passeport suisse, luttent pour une Suisse ouverte, équitable et forte." />
<meta property="og:url" content="https://syndicom.ch/fr/migration/" />
<meta property="og:site_name" content="syndicom" />
<meta property="article:modified_time" content="2026-02-23T14:07:17+00:00" />
<meta name="twitter:card" content="summary_large_image" />
<meta name="twitter:label1" content="Durée de lecture estimée" />
	<meta name="twitter:data1" content="2 minutes" />
<script type="application/ld+json" class="yoast-schema-graph">{"@context":"https:\/\/schema.org","@graph":[{"@type":"WebPage","@id":"https:\/\/syndicom.ch\/fr\/migration\/","url":"https:\/\/syndicom.ch\/fr\/migration\/","name":"Migration - syndicom","isPartOf":{"@id":"https:\/\/syndicom.ch\/fr\/#website"},"datePublished":"2024-07-24T12:54:02+00:00","dateModified":"2026-02-23T14:07:17+00:00","description":"Les femmes et les hommes du GI Migration, qu’ils détiennent ou non un passeport suisse, luttent pour une Suisse ouverte, équitable et forte.","breadcrumb":{"@id":"https:\/\/syndicom.ch\/fr\/migration\/#breadcrumb"},"inLanguage":"fr-FR","potentialAction":[{"@type":"ReadAction","target":["https:\/\/syndicom.ch\/fr\/migration\/"]}]},{"@type":"BreadcrumbList","@id":"https:\/\/syndicom.ch\/fr\/migration\/#breadcrumb","itemListElement":[{"@type":"ListItem","position":1,"name":"Page d'accueil","item":"https:\/\/syndicom.ch\/fr\/"},{"@type":"ListItem","position":2,"name":"Migration"}]},{"@type":"WebSite","@id":"https:\/\/syndicom.ch\/fr\/#website","url":"https:\/\/syndicom.ch\/fr\/","name":"syndicom","description":"","publisher":{"@id":"https:\/\/syndicom.ch\/fr\/#organization"},"potentialAction":[{"@type":"SearchAction","target":{"@type":"EntryPoint","urlTemplate":"https:\/\/syndicom.ch\/fr\/?s={search_term_string}"},"query-input":{"@type":"PropertyValueSpecification","valueRequired":true,"valueName":"search_term_string"}}],"inLanguage":"fr-FR"},{"@type":"Organization","@id":"https:\/\/syndicom.ch\/fr\/#organization","name":"syndicom","url":"https:\/\/syndicom.ch\/fr\/","logo":{"@type":"ImageObject","inLanguage":"fr-FR","@id":"https:\/\/syndicom.ch\/fr\/#\/schema\/logo\/image\/","url":"https:\/\/syndicom.ch\/app\/uploads\/2024\/06\/logo.svg","contentUrl":"https:\/\/syndicom.ch\/app\/uploads\/2024\/06\/logo.svg","width":297,"height":51,"caption":"syndicom"},"image":{"@id":"https:\/\/syndicom.ch\/fr\/#\/schema\/logo\/image\/"}}]}</script>
<!-- / Yoast SEO plugin. -->

Les femmes et les hommes du GI Migration, qu’ils détiennent ou non un passeport suisse, luttent pour une Suisse ouverte, équitable et forte.
