{"id":7236,"date":"2024-07-24T14:00:55","date_gmt":"2024-07-24T12:00:55","guid":{"rendered":"https:\/\/projects.atxeit.ch\/syndicom\/?page_id=7236"},"modified":"2026-02-23T15:10:43","modified_gmt":"2026-02-23T14:10:43","slug":"independant-e-s","status":"publish","type":"page","link":"https:\/\/syndicom.ch\/fr\/independant-e-s\/","title":{"rendered":"Ind\u00e9pendant-es"},"content":{"rendered":"\n<div class=\"wp-block-group alignfull has-background-color has-primary-background-color has-text-color has-background has-link-color wp-elements-38c7be876c1310e014c2f550b7141279 is-layout-constrained wp-block-group-is-layout-constrained\">\n<div class=\"wp-block-group is-style-narrow is-layout-constrained wp-block-group-is-layout-constrained\">\n<div class=\"wp-block-columns is-layout-flex wp-container-core-columns-is-layout-9d6595d7 wp-block-columns-is-layout-flex\">\n<div class=\"wp-block-column is-layout-flow wp-block-column-is-layout-flow\" style=\"flex-basis:70%\">\n<h1 class=\"wp-block-heading\">Ind\u00e9pendant-es<\/h1>\n\n\n\n<p class=\"is-style-lead\">Assurances sociales, caisse de pension, contrats, droits d&rsquo;utilisation. Les intermittents doivent se battre eux-m\u00eames sur ces sujets et bien d&rsquo;autres encore &#8211; tout en d\u00e9fendant sans cesse des r\u00e9mun\u00e9rations d\u00e9centes.<br><br>Le GI Ind\u00e9pendant-es leur offre un r\u00e9seau et les soutient en paroles et en actes.<\/p>\n<\/div>\n<\/div>\n<\/div>\n<\/div>\n\n\n\n<div class=\"wp-block-group alignfull has-background-background-color has-background is-layout-constrained wp-block-group-is-layout-constrained\">\n<div class=\"wp-block-group is-style-narrow is-layout-constrained wp-block-group-is-layout-constrained\">\n<h2 class=\"wp-block-heading\"><strong>Professionnels ind\u00e9pendants des m\u00e9dias<\/strong><\/h2>\n\n\n\n<p>Ind\u00e9pendants volontaires ou involontaires, journalistes, photographes, graphistes, r\u00e9dacteurs ou correcteurs: nous repr\u00e9sentons et d\u00e9fendons les int\u00e9r\u00eats des professionnels ind\u00e9pendants des m\u00e9dias et sensibilisons \u00e0 leurs requ\u00eates sp\u00e9cifiques dans le cadre de nos campagnes politiques.&nbsp;<\/p>\n\n\n\n<h2 class=\"wp-block-heading\"><strong>R\u00e9ponses \u00e0 de nombreuses questions<\/strong><\/h2>\n\n\n\n<p>Qu\u2019est-ce qu\u2019un honoraire \u00e9quitable? Un contrat d\u2019entreprise est-il appropri\u00e9 dans mon cas? Que faut-il savoir en mati\u00e8re de droits d\u2019auteur? Que faut-il entreprendre pour ma pr\u00e9voyance vieillesse? Les ind\u00e9pendant-es doivent se poser ce genre de questions. Notre \u00abService pour les ind\u00e9pendants\u00bb donne rapidement des r\u00e9ponses claires (seulement \u00e0 nos membres).<\/p>\n\n\n\n<h2 class=\"wp-block-heading\"><strong>Se mettre en r\u00e9seau, tenir des r\u00e9unions, informer<\/strong><\/h2>\n\n\n\n<p class=\"is-style-default\">La mise en r\u00e9seau est capitale pour les ind\u00e9pendant-es. C\u2019est pourquoi le GI ind\u00e9pendant-es organise r\u00e9guli\u00e8rement le Forum des ind\u00e9pendant-es. Par ailleurs, des commissions sp\u00e9cifiques aux branches (p. ex. <a href=\"https:\/\/syndicom.ch\/fr\/offres-par-metier\/independant-e-s-comite-des-independant-e-s\/\" target=\"_blank\" rel=\"noreferrer noopener\">commission des journalistes ind\u00e9pendants<\/a>) organisent chaque ann\u00e9e des rencontres, telles que la \u00abJourn\u00e9es des ind\u00e9pendants\u00bb.<\/p>\n\n\n\n<div style=\"height:100px\" aria-hidden=\"true\" class=\"wp-block-spacer\"><\/div>\n\n\n\n<p class=\"has-tertiary-background-color has-background\"><strong>Des questions pour le GI Ind\u00e9pendant-es?<\/strong><br><a href=\"mailto:&#102;&#114;&#101;&#105;&#115;&#99;&#104;&#97;&#102;&#102;&#101;&#110;&#100;&#101;&#64;&#115;&#121;&#110;&#100;&#105;&#99;&#111;&#109;&#46;&#99;&#104;\">&#102;&#114;&#101;&#105;&#115;&#99;&#104;&#97;&#102;&#102;&#101;&#110;&#100;&#101;&#64;&#115;&#121;&#110;&#100;&#105;&#99;&#111;&#109;&#46;&#99;&#104;<\/a><\/p>\n<\/div>\n<\/div>\n","protected":false},"excerpt":{"rendered":"<p>Professionnels ind\u00e9pendants des m\u00e9dias Ind\u00e9pendants volontaires ou involontaires, journalistes, photographes, graphistes, r\u00e9dacteurs ou correcteurs: nous repr\u00e9sentons et d\u00e9fendons les int\u00e9r\u00eats des professionnels ind\u00e9pendants des m\u00e9dias et sensibilisons \u00e0 leurs requ\u00eates sp\u00e9cifiques dans le cadre de nos campagnes politiques.&nbsp; R\u00e9ponses \u00e0 de nombreuses questions Qu\u2019est-ce qu\u2019un honoraire \u00e9quitable? Un contrat d\u2019entreprise est-il appropri\u00e9 dans mon cas? [&hellip;]<\/p>\n","protected":false},"author":2,"featured_media":0,"parent":0,"menu_order":0,"comment_status":"closed","ping_status":"closed","template":"","meta":{"_acf_changed":false,"inline_featured_image":false,"_coblocks_attr":"","_coblocks_dimensions":"","_coblocks_responsive_height":"","_coblocks_accordion_ie_support":"","footnotes":""},"categories":[],"class_list":["post-7236","page","type-page","status-publish","hentry"],"acf":[],"yoast_head":"<!-- This site is optimized with the Yoast SEO plugin v27.3 - https:\/\/yoast.com\/product\/yoast-seo-wordpress\/ -->\n<title>Ind\u00e9pendant-es - syndicom<\/title>\n<meta name=\"description\" content=\"Assurances sociales, caisse de pension, contrats, droits d\u2019utilisation. Ces th\u00e8mes et bien d\u2019autres concernent aussi les ind\u00e9pendants, qui ...\" \/>\n<meta name=\"robots\" content=\"index, follow, max-snippet:-1, max-image-preview:large, max-video-preview:-1\" \/>\n<link rel=\"canonical\" href=\"https:\/\/syndicom.ch\/fr\/independant-e-s\/\" \/>\n<meta property=\"og:locale\" content=\"fr_FR\" \/>\n<meta property=\"og:type\" content=\"article\" \/>\n<meta property=\"og:title\" content=\"Ind\u00e9pendant-es - syndicom\" \/>\n<meta property=\"og:description\" content=\"Assurances sociales, caisse de pension, contrats, droits d\u2019utilisation. Ces th\u00e8mes et bien d\u2019autres concernent aussi les ind\u00e9pendants, qui ...\" \/>\n<meta property=\"og:url\" content=\"https:\/\/syndicom.ch\/fr\/independant-e-s\/\" \/>\n<meta property=\"og:site_name\" content=\"syndicom\" \/>\n<meta property=\"article:modified_time\" content=\"2026-02-23T14:10:43+00:00\" \/>\n<meta name=\"twitter:card\" content=\"summary_large_image\" \/>\n<meta name=\"twitter:label1\" content=\"Dur\u00e9e de lecture estim\u00e9e\" \/>\n\t<meta name=\"twitter:data1\" content=\"2 minutes\" \/>\n<script type=\"application\/ld+json\" class=\"yoast-schema-graph\">{\"@context\":\"https:\\\/\\\/schema.org\",\"@graph\":[{\"@type\":\"WebPage\",\"@id\":\"https:\\\/\\\/syndicom.ch\\\/fr\\\/independant-e-s\\\/\",\"url\":\"https:\\\/\\\/syndicom.ch\\\/fr\\\/independant-e-s\\\/\",\"name\":\"Ind\u00e9pendant-es - syndicom\",\"isPartOf\":{\"@id\":\"https:\\\/\\\/syndicom.ch\\\/fr\\\/#website\"},\"datePublished\":\"2024-07-24T12:00:55+00:00\",\"dateModified\":\"2026-02-23T14:10:43+00:00\",\"description\":\"Assurances sociales, caisse de pension, contrats, droits d\u2019utilisation. Ces th\u00e8mes et bien d\u2019autres concernent aussi les ind\u00e9pendants, qui ...\",\"breadcrumb\":{\"@id\":\"https:\\\/\\\/syndicom.ch\\\/fr\\\/independant-e-s\\\/#breadcrumb\"},\"inLanguage\":\"fr-FR\",\"potentialAction\":[{\"@type\":\"ReadAction\",\"target\":[\"https:\\\/\\\/syndicom.ch\\\/fr\\\/independant-e-s\\\/\"]}]},{\"@type\":\"BreadcrumbList\",\"@id\":\"https:\\\/\\\/syndicom.ch\\\/fr\\\/independant-e-s\\\/#breadcrumb\",\"itemListElement\":[{\"@type\":\"ListItem\",\"position\":1,\"name\":\"Page d'accueil\",\"item\":\"https:\\\/\\\/syndicom.ch\\\/fr\\\/\"},{\"@type\":\"ListItem\",\"position\":2,\"name\":\"Ind\u00e9pendant-es\"}]},{\"@type\":\"WebSite\",\"@id\":\"https:\\\/\\\/syndicom.ch\\\/fr\\\/#website\",\"url\":\"https:\\\/\\\/syndicom.ch\\\/fr\\\/\",\"name\":\"syndicom\",\"description\":\"\",\"publisher\":{\"@id\":\"https:\\\/\\\/syndicom.ch\\\/fr\\\/#organization\"},\"potentialAction\":[{\"@type\":\"SearchAction\",\"target\":{\"@type\":\"EntryPoint\",\"urlTemplate\":\"https:\\\/\\\/syndicom.ch\\\/fr\\\/?s={search_term_string}\"},\"query-input\":{\"@type\":\"PropertyValueSpecification\",\"valueRequired\":true,\"valueName\":\"search_term_string\"}}],\"inLanguage\":\"fr-FR\"},{\"@type\":\"Organization\",\"@id\":\"https:\\\/\\\/syndicom.ch\\\/fr\\\/#organization\",\"name\":\"syndicom\",\"url\":\"https:\\\/\\\/syndicom.ch\\\/fr\\\/\",\"logo\":{\"@type\":\"ImageObject\",\"inLanguage\":\"fr-FR\",\"@id\":\"https:\\\/\\\/syndicom.ch\\\/fr\\\/#\\\/schema\\\/logo\\\/image\\\/\",\"url\":\"https:\\\/\\\/syndicom.ch\\\/app\\\/uploads\\\/2024\\\/06\\\/logo.svg\",\"contentUrl\":\"https:\\\/\\\/syndicom.ch\\\/app\\\/uploads\\\/2024\\\/06\\\/logo.svg\",\"width\":297,\"height\":51,\"caption\":\"syndicom\"},\"image\":{\"@id\":\"https:\\\/\\\/syndicom.ch\\\/fr\\\/#\\\/schema\\\/logo\\\/image\\\/\"}}]}<\/script>\n<!-- \/ Yoast SEO plugin. -->","yoast_head_json":{"title":"Ind\u00e9pendant-es - syndicom","description":"Assurances sociales, caisse de pension, contrats, droits d\u2019utilisation. Ces th\u00e8mes et bien d\u2019autres concernent aussi les ind\u00e9pendants, qui ...","robots":{"index":"index","follow":"follow","max-snippet":"max-snippet:-1","max-image-preview":"max-image-preview:large","max-video-preview":"max-video-preview:-1"},"canonical":"https:\/\/syndicom.ch\/fr\/independant-e-s\/","og_locale":"fr_FR","og_type":"article","og_title":"Ind\u00e9pendant-es - syndicom","og_description":"Assurances sociales, caisse de pension, contrats, droits d\u2019utilisation. Ces th\u00e8mes et bien d\u2019autres concernent aussi les ind\u00e9pendants, qui ...","og_url":"https:\/\/syndicom.ch\/fr\/independant-e-s\/","og_site_name":"syndicom","article_modified_time":"2026-02-23T14:10:43+00:00","twitter_card":"summary_large_image","twitter_misc":{"Dur\u00e9e de lecture estim\u00e9e":"2 minutes"},"schema":{"@context":"https:\/\/schema.org","@graph":[{"@type":"WebPage","@id":"https:\/\/syndicom.ch\/fr\/independant-e-s\/","url":"https:\/\/syndicom.ch\/fr\/independant-e-s\/","name":"Ind\u00e9pendant-es - syndicom","isPartOf":{"@id":"https:\/\/syndicom.ch\/fr\/#website"},"datePublished":"2024-07-24T12:00:55+00:00","dateModified":"2026-02-23T14:10:43+00:00","description":"Assurances sociales, caisse de pension, contrats, droits d\u2019utilisation. Ces th\u00e8mes et bien d\u2019autres concernent aussi les ind\u00e9pendants, qui ...","breadcrumb":{"@id":"https:\/\/syndicom.ch\/fr\/independant-e-s\/#breadcrumb"},"inLanguage":"fr-FR","potentialAction":[{"@type":"ReadAction","target":["https:\/\/syndicom.ch\/fr\/independant-e-s\/"]}]},{"@type":"BreadcrumbList","@id":"https:\/\/syndicom.ch\/fr\/independant-e-s\/#breadcrumb","itemListElement":[{"@type":"ListItem","position":1,"name":"Page d'accueil","item":"https:\/\/syndicom.ch\/fr\/"},{"@type":"ListItem","position":2,"name":"Ind\u00e9pendant-es"}]},{"@type":"WebSite","@id":"https:\/\/syndicom.ch\/fr\/#website","url":"https:\/\/syndicom.ch\/fr\/","name":"syndicom","description":"","publisher":{"@id":"https:\/\/syndicom.ch\/fr\/#organization"},"potentialAction":[{"@type":"SearchAction","target":{"@type":"EntryPoint","urlTemplate":"https:\/\/syndicom.ch\/fr\/?s={search_term_string}"},"query-input":{"@type":"PropertyValueSpecification","valueRequired":true,"valueName":"search_term_string"}}],"inLanguage":"fr-FR"},{"@type":"Organization","@id":"https:\/\/syndicom.ch\/fr\/#organization","name":"syndicom","url":"https:\/\/syndicom.ch\/fr\/","logo":{"@type":"ImageObject","inLanguage":"fr-FR","@id":"https:\/\/syndicom.ch\/fr\/#\/schema\/logo\/image\/","url":"https:\/\/syndicom.ch\/app\/uploads\/2024\/06\/logo.svg","contentUrl":"https:\/\/syndicom.ch\/app\/uploads\/2024\/06\/logo.svg","width":297,"height":51,"caption":"syndicom"},"image":{"@id":"https:\/\/syndicom.ch\/fr\/#\/schema\/logo\/image\/"}}]}},"_links":{"self":[{"href":"https:\/\/syndicom.ch\/fr\/wp-json\/wp\/v2\/pages\/7236","targetHints":{"allow":["GET"]}}],"collection":[{"href":"https:\/\/syndicom.ch\/fr\/wp-json\/wp\/v2\/pages"}],"about":[{"href":"https:\/\/syndicom.ch\/fr\/wp-json\/wp\/v2\/types\/page"}],"author":[{"embeddable":true,"href":"https:\/\/syndicom.ch\/fr\/wp-json\/wp\/v2\/users\/2"}],"replies":[{"embeddable":true,"href":"https:\/\/syndicom.ch\/fr\/wp-json\/wp\/v2\/comments?post=7236"}],"version-history":[{"count":12,"href":"https:\/\/syndicom.ch\/fr\/wp-json\/wp\/v2\/pages\/7236\/revisions"}],"predecessor-version":[{"id":58323,"href":"https:\/\/syndicom.ch\/fr\/wp-json\/wp\/v2\/pages\/7236\/revisions\/58323"}],"wp:attachment":[{"href":"https:\/\/syndicom.ch\/fr\/wp-json\/wp\/v2\/media?parent=7236"}],"wp:term":[{"taxonomy":"category","embeddable":true,"href":"https:\/\/syndicom.ch\/fr\/wp-json\/wp\/v2\/categories?post=7236"}],"curies":[{"name":"wp","href":"https:\/\/api.w.org\/{rel}","templated":true}]}}

Indépendant-es

<div class="wp-block-group alignfull has-background-color has-primary-background-color has-text-color has-background has-link-color wp-elements-38c7be876c1310e014c2f550b7141279 is-layout-constrained wp-block-group-is-layout-constrained">
<div class="wp-block-group is-style-narrow is-layout-constrained wp-block-group-is-layout-constrained">
<div class="wp-block-columns is-layout-flex wp-container-core-columns-is-layout-9d6595d7 wp-block-columns-is-layout-flex">
<div class="wp-block-column is-layout-flow wp-block-column-is-layout-flow" style="flex-basis:70%">
<h1 class="wp-block-heading">Indépendant-es</h1>



<p class="is-style-lead">Assurances sociales, caisse de pension, contrats, droits d&rsquo;utilisation. Les intermittents doivent se battre eux-mêmes sur ces sujets et bien d&rsquo;autres encore &#8211; tout en défendant sans cesse des rémunérations décentes.<br><br>Le GI Indépendant-es leur offre un réseau et les soutient en paroles et en actes.</p>
</div>
</div>
</div>
</div>



<div class="wp-block-group alignfull has-background-background-color has-background is-layout-constrained wp-block-group-is-layout-constrained">
<div class="wp-block-group is-style-narrow is-layout-constrained wp-block-group-is-layout-constrained">
<h2 class="wp-block-heading"><strong>Professionnels indépendants des médias</strong></h2>



<p>Indépendants volontaires ou involontaires, journalistes, photographes, graphistes, rédacteurs ou correcteurs: nous représentons et défendons les intérêts des professionnels indépendants des médias et sensibilisons à leurs requêtes spécifiques dans le cadre de nos campagnes politiques.&nbsp;</p>



<h2 class="wp-block-heading"><strong>Réponses à de nombreuses questions</strong></h2>



<p>Qu’est-ce qu’un honoraire équitable? Un contrat d’entreprise est-il approprié dans mon cas? Que faut-il savoir en matière de droits d’auteur? Que faut-il entreprendre pour ma prévoyance vieillesse? Les indépendant-es doivent se poser ce genre de questions. Notre «Service pour les indépendants» donne rapidement des réponses claires (seulement à nos membres).</p>



<h2 class="wp-block-heading"><strong>Se mettre en réseau, tenir des réunions, informer</strong></h2>



<p class="is-style-default">La mise en réseau est capitale pour les indépendant-es. C’est pourquoi le GI indépendant-es organise régulièrement le Forum des indépendant-es. Par ailleurs, des commissions spécifiques aux branches (p. ex. <a href="https://syndicom.ch/fr/offres-par-metier/independant-e-s-comite-des-independant-e-s/" target="_blank" rel="noreferrer noopener">commission des journalistes indépendants</a>) organisent chaque année des rencontres, telles que la «Journées des indépendants».</p>



<div style="height:100px" aria-hidden="true" class="wp-block-spacer"></div>



<p class="has-tertiary-background-color has-background"><strong>Des questions pour le GI Indépendant-es?</strong><br><a href="mailto:&#102;&#114;&#101;&#105;&#115;&#99;&#104;&#97;&#102;&#102;&#101;&#110;&#100;&#101;&#64;&#115;&#121;&#110;&#100;&#105;&#99;&#111;&#109;&#46;&#99;&#104;">&#102;&#114;&#101;&#105;&#115;&#99;&#104;&#97;&#102;&#102;&#101;&#110;&#100;&#101;&#64;&#115;&#121;&#110;&#100;&#105;&#99;&#111;&#109;&#46;&#99;&#104;</a></p>
</div>
</div>

<p>Professionnels indépendants des médias Indépendants volontaires ou involontaires, journalistes, photographes, graphistes, rédacteurs ou correcteurs: nous représentons et défendons les intérêts des professionnels indépendants des médias et sensibilisons à leurs requêtes spécifiques dans le cadre de nos campagnes politiques.&nbsp; Réponses à de nombreuses questions Qu’est-ce qu’un honoraire équitable? Un contrat d’entreprise est-il approprié dans mon cas? [&hellip;]</p>

<!-- This site is optimized with the Yoast SEO plugin v27.3 - https://yoast.com/product/yoast-seo-wordpress/ -->
<title>Indépendant-es - syndicom</title>
<meta name="description" content="Assurances sociales, caisse de pension, contrats, droits d’utilisation. Ces thèmes et bien d’autres concernent aussi les indépendants, qui ..." />
<meta name="robots" content="index, follow, max-snippet:-1, max-image-preview:large, max-video-preview:-1" />
<link rel="canonical" href="https://syndicom.ch/fr/independant-e-s/" />
<meta property="og:locale" content="fr_FR" />
<meta property="og:type" content="article" />
<meta property="og:title" content="Indépendant-es - syndicom" />
<meta property="og:description" content="Assurances sociales, caisse de pension, contrats, droits d’utilisation. Ces thèmes et bien d’autres concernent aussi les indépendants, qui ..." />
<meta property="og:url" content="https://syndicom.ch/fr/independant-e-s/" />
<meta property="og:site_name" content="syndicom" />
<meta property="article:modified_time" content="2026-02-23T14:10:43+00:00" />
<meta name="twitter:card" content="summary_large_image" />
<meta name="twitter:label1" content="Durée de lecture estimée" />
	<meta name="twitter:data1" content="2 minutes" />
<script type="application/ld+json" class="yoast-schema-graph">{"@context":"https:\/\/schema.org","@graph":[{"@type":"WebPage","@id":"https:\/\/syndicom.ch\/fr\/independant-e-s\/","url":"https:\/\/syndicom.ch\/fr\/independant-e-s\/","name":"Indépendant-es - syndicom","isPartOf":{"@id":"https:\/\/syndicom.ch\/fr\/#website"},"datePublished":"2024-07-24T12:00:55+00:00","dateModified":"2026-02-23T14:10:43+00:00","description":"Assurances sociales, caisse de pension, contrats, droits d’utilisation. Ces thèmes et bien d’autres concernent aussi les indépendants, qui ...","breadcrumb":{"@id":"https:\/\/syndicom.ch\/fr\/independant-e-s\/#breadcrumb"},"inLanguage":"fr-FR","potentialAction":[{"@type":"ReadAction","target":["https:\/\/syndicom.ch\/fr\/independant-e-s\/"]}]},{"@type":"BreadcrumbList","@id":"https:\/\/syndicom.ch\/fr\/independant-e-s\/#breadcrumb","itemListElement":[{"@type":"ListItem","position":1,"name":"Page d'accueil","item":"https:\/\/syndicom.ch\/fr\/"},{"@type":"ListItem","position":2,"name":"Indépendant-es"}]},{"@type":"WebSite","@id":"https:\/\/syndicom.ch\/fr\/#website","url":"https:\/\/syndicom.ch\/fr\/","name":"syndicom","description":"","publisher":{"@id":"https:\/\/syndicom.ch\/fr\/#organization"},"potentialAction":[{"@type":"SearchAction","target":{"@type":"EntryPoint","urlTemplate":"https:\/\/syndicom.ch\/fr\/?s={search_term_string}"},"query-input":{"@type":"PropertyValueSpecification","valueRequired":true,"valueName":"search_term_string"}}],"inLanguage":"fr-FR"},{"@type":"Organization","@id":"https:\/\/syndicom.ch\/fr\/#organization","name":"syndicom","url":"https:\/\/syndicom.ch\/fr\/","logo":{"@type":"ImageObject","inLanguage":"fr-FR","@id":"https:\/\/syndicom.ch\/fr\/#\/schema\/logo\/image\/","url":"https:\/\/syndicom.ch\/app\/uploads\/2024\/06\/logo.svg","contentUrl":"https:\/\/syndicom.ch\/app\/uploads\/2024\/06\/logo.svg","width":297,"height":51,"caption":"syndicom"},"image":{"@id":"https:\/\/syndicom.ch\/fr\/#\/schema\/logo\/image\/"}}]}</script>
<!-- / Yoast SEO plugin. -->

Indépendant-es - syndicom

Assurances sociales, caisse de pension, contrats, droits d’utilisation. Ces thèmes et bien d’autres concernent aussi les indépendants, qui ...
