{"id":23538,"date":"2025-01-20T15:56:56","date_gmt":"2025-01-20T14:56:56","guid":{"rendered":"https:\/\/syndicom.ch\/?post_type=glossar&#038;p=23538"},"modified":"2026-01-05T10:23:05","modified_gmt":"2026-01-05T09:23:05","slug":"cablex","status":"publish","type":"glossar","link":"https:\/\/syndicom.ch\/it\/voce-glossario\/cablex\/","title":{"rendered":"Cablex"},"content":{"rendered":"\n<div class=\"wp-block-group alignfull has-background-color has-primary-background-color has-text-color has-background has-link-color wp-elements-747c0fcda98c2114eff69b983790b46b is-layout-constrained wp-block-group-is-layout-constrained\">\n<div class=\"wp-block-group is-style-narrow is-layout-constrained wp-block-group-is-layout-constrained\">\n<h1 class=\"wp-block-heading\">CCL Cablex<\/h1>\n\n\n\n<div class=\"wp-block-columns is-layout-flex wp-container-core-columns-is-layout-9d6595d7 wp-block-columns-is-layout-flex\">\n<div class=\"wp-block-column is-layout-flow wp-block-column-is-layout-flow\" style=\"flex-basis:70%\">\n<p class=\"is-style-lead\">syndicom \u00e8 partner sociale di cablex e ci negozia il contratto collettivo di lavoro. Il CCL cablex \u00e8 fissa nuovi parametri nel settore dell\u2019infrastruttura di rete.<\/p>\n<\/div>\n<\/div>\n\n\n\n<div class=\"wp-block-columns is-layout-flex wp-container-core-columns-is-layout-9d6595d7 wp-block-columns-is-layout-flex\">\n<div class=\"wp-block-column is-layout-flow wp-block-column-is-layout-flow\" style=\"flex-basis:30%\">\n<p><strong><strong><strong>Validit\u00e0 CCL<\/strong><\/strong><\/strong><br>01.01.2026 &#8211; 31.12.2028<\/p>\n<\/div>\n\n\n\n<div class=\"wp-block-column is-layout-flow wp-block-column-is-layout-flow\" style=\"flex-basis:80%\">\n<div class=\"wp-block-buttons is-layout-flex wp-block-buttons-is-layout-flex\">\n<div class=\"wp-block-button is-style-external\"><a class=\"wp-block-button__link wp-element-button\" href=\"https:\/\/syndicom.ch\/app\/uploads\/2025\/11\/sindacato-syndicom-ccl-cablex-2026.pdf\" target=\"_blank\" rel=\"noreferrer noopener\">CCL Cablex<\/a><\/div>\n<\/div>\n<\/div>\n\n\n\n<div class=\"wp-block-column is-layout-flow wp-block-column-is-layout-flow\" style=\"flex-basis:45%\">\n<p><\/p>\n<\/div>\n<\/div>\n<\/div>\n<\/div>\n\n\n\n<div class=\"wp-block-group alignfull has-background-background-color has-background is-layout-constrained wp-block-group-is-layout-constrained\">\n<div class=\"wp-block-group is-style-narrow is-layout-constrained wp-block-group-is-layout-constrained\">\n<p>Il 1\u00b0 ottobre 2001 cablex \u00e8 stata fondata come societ\u00e0 per azioni autonoma di propriet\u00e0 <a href=\"https:\/\/syndicom.ch\/it\/voce-glossario\/swisscom\/\" target=\"_blank\" rel=\"noreferrer noopener\">Swisscom<\/a>. Ad oggi cablex \u00e8 la pi\u00f9 grande azienda nel settore dell\u2019infrastruttura di rete.<\/p>\n<\/div>\n<\/div>\n","protected":false},"excerpt":{"rendered":"<p>CCL Cablex syndicom \u00e8 partner sociale di cablex e ci negozia il contratto collettivo di lavoro. Il CCL cablex \u00e8 fissa nuovi parametri nel settore dell\u2019infrastruttura di rete. Validit\u00e0 CCL01.01.2026 &#8211; 31.12.2028 Il 1\u00b0 ottobre 2001 cablex \u00e8 stata fondata come societ\u00e0 per azioni autonoma di propriet\u00e0 Swisscom. Ad oggi cablex \u00e8 la pi\u00f9 grande [&hellip;]<\/p>\n","protected":false},"featured_media":0,"template":"","meta":{"_acf_changed":false,"inline_featured_image":false,"_coblocks_attr":"","_coblocks_dimensions":"","_coblocks_responsive_height":"","_coblocks_accordion_ie_support":"","footnotes":""},"glossar-category":[94],"class_list":["post-23538","glossar","type-glossar","status-publish","hentry","glossar-category-gesamtarbeitsvertraege-gav-it"],"acf":[],"yoast_head":"<!-- This site is optimized with the Yoast SEO plugin v27.3 - https:\/\/yoast.com\/product\/yoast-seo-wordpress\/ -->\n<title>Cablex - syndicom<\/title>\n<meta name=\"description\" content=\"syndicom \u00e8 partner sociale di cablex e ci negozia il CCL. Il CCL cablex fissa nuovi parametri nel settore dell\u2019infrastruttura di rete\" \/>\n<meta name=\"robots\" content=\"index, follow, max-snippet:-1, max-image-preview:large, max-video-preview:-1\" \/>\n<link rel=\"canonical\" href=\"https:\/\/syndicom.ch\/it\/voce-glossario\/cablex\/\" \/>\n<meta property=\"og:locale\" content=\"it_IT\" \/>\n<meta property=\"og:type\" content=\"article\" \/>\n<meta property=\"og:title\" content=\"Cablex - syndicom\" \/>\n<meta property=\"og:description\" content=\"syndicom \u00e8 partner sociale di cablex e ci negozia il CCL. Il CCL cablex fissa nuovi parametri nel settore dell\u2019infrastruttura di rete\" \/>\n<meta property=\"og:url\" content=\"https:\/\/syndicom.ch\/it\/voce-glossario\/cablex\/\" \/>\n<meta property=\"og:site_name\" content=\"syndicom\" \/>\n<meta property=\"article:modified_time\" content=\"2026-01-05T09:23:05+00:00\" \/>\n<meta name=\"twitter:card\" content=\"summary_large_image\" \/>\n<meta name=\"twitter:label1\" content=\"Tempo di lettura stimato\" \/>\n\t<meta name=\"twitter:data1\" content=\"1 minuto\" \/>\n<script type=\"application\/ld+json\" class=\"yoast-schema-graph\">{\"@context\":\"https:\\\/\\\/schema.org\",\"@graph\":[{\"@type\":\"WebPage\",\"@id\":\"https:\\\/\\\/syndicom.ch\\\/it\\\/voce-glossario\\\/cablex\\\/\",\"url\":\"https:\\\/\\\/syndicom.ch\\\/it\\\/voce-glossario\\\/cablex\\\/\",\"name\":\"Cablex - syndicom\",\"isPartOf\":{\"@id\":\"https:\\\/\\\/syndicom.ch\\\/it\\\/#website\"},\"datePublished\":\"2025-01-20T14:56:56+00:00\",\"dateModified\":\"2026-01-05T09:23:05+00:00\",\"description\":\"syndicom \u00e8 partner sociale di cablex e ci negozia il CCL. Il CCL cablex fissa nuovi parametri nel settore dell\u2019infrastruttura di rete\",\"breadcrumb\":{\"@id\":\"https:\\\/\\\/syndicom.ch\\\/it\\\/voce-glossario\\\/cablex\\\/#breadcrumb\"},\"inLanguage\":\"it-IT\",\"potentialAction\":[{\"@type\":\"ReadAction\",\"target\":[\"https:\\\/\\\/syndicom.ch\\\/it\\\/voce-glossario\\\/cablex\\\/\"]}]},{\"@type\":\"BreadcrumbList\",\"@id\":\"https:\\\/\\\/syndicom.ch\\\/it\\\/voce-glossario\\\/cablex\\\/#breadcrumb\",\"itemListElement\":[{\"@type\":\"ListItem\",\"position\":1,\"name\":\"Pagina iniziale\",\"item\":\"https:\\\/\\\/syndicom.ch\\\/it\\\/\"},{\"@type\":\"ListItem\",\"position\":2,\"name\":\"Cablex\"}]},{\"@type\":\"WebSite\",\"@id\":\"https:\\\/\\\/syndicom.ch\\\/it\\\/#website\",\"url\":\"https:\\\/\\\/syndicom.ch\\\/it\\\/\",\"name\":\"syndicom\",\"description\":\"\",\"publisher\":{\"@id\":\"https:\\\/\\\/syndicom.ch\\\/it\\\/#organization\"},\"potentialAction\":[{\"@type\":\"SearchAction\",\"target\":{\"@type\":\"EntryPoint\",\"urlTemplate\":\"https:\\\/\\\/syndicom.ch\\\/it\\\/?s={search_term_string}\"},\"query-input\":{\"@type\":\"PropertyValueSpecification\",\"valueRequired\":true,\"valueName\":\"search_term_string\"}}],\"inLanguage\":\"it-IT\"},{\"@type\":\"Organization\",\"@id\":\"https:\\\/\\\/syndicom.ch\\\/it\\\/#organization\",\"name\":\"syndicom\",\"url\":\"https:\\\/\\\/syndicom.ch\\\/it\\\/\",\"logo\":{\"@type\":\"ImageObject\",\"inLanguage\":\"it-IT\",\"@id\":\"https:\\\/\\\/syndicom.ch\\\/it\\\/#\\\/schema\\\/logo\\\/image\\\/\",\"url\":\"https:\\\/\\\/syndicom.ch\\\/app\\\/uploads\\\/2024\\\/06\\\/logo.svg\",\"contentUrl\":\"https:\\\/\\\/syndicom.ch\\\/app\\\/uploads\\\/2024\\\/06\\\/logo.svg\",\"width\":297,\"height\":51,\"caption\":\"syndicom\"},\"image\":{\"@id\":\"https:\\\/\\\/syndicom.ch\\\/it\\\/#\\\/schema\\\/logo\\\/image\\\/\"}}]}<\/script>\n<!-- \/ Yoast SEO plugin. -->","yoast_head_json":{"title":"Cablex - syndicom","description":"syndicom \u00e8 partner sociale di cablex e ci negozia il CCL. Il CCL cablex fissa nuovi parametri nel settore dell\u2019infrastruttura di rete","robots":{"index":"index","follow":"follow","max-snippet":"max-snippet:-1","max-image-preview":"max-image-preview:large","max-video-preview":"max-video-preview:-1"},"canonical":"https:\/\/syndicom.ch\/it\/voce-glossario\/cablex\/","og_locale":"it_IT","og_type":"article","og_title":"Cablex - syndicom","og_description":"syndicom \u00e8 partner sociale di cablex e ci negozia il CCL. Il CCL cablex fissa nuovi parametri nel settore dell\u2019infrastruttura di rete","og_url":"https:\/\/syndicom.ch\/it\/voce-glossario\/cablex\/","og_site_name":"syndicom","article_modified_time":"2026-01-05T09:23:05+00:00","twitter_card":"summary_large_image","twitter_misc":{"Tempo di lettura stimato":"1 minuto"},"schema":{"@context":"https:\/\/schema.org","@graph":[{"@type":"WebPage","@id":"https:\/\/syndicom.ch\/it\/voce-glossario\/cablex\/","url":"https:\/\/syndicom.ch\/it\/voce-glossario\/cablex\/","name":"Cablex - syndicom","isPartOf":{"@id":"https:\/\/syndicom.ch\/it\/#website"},"datePublished":"2025-01-20T14:56:56+00:00","dateModified":"2026-01-05T09:23:05+00:00","description":"syndicom \u00e8 partner sociale di cablex e ci negozia il CCL. Il CCL cablex fissa nuovi parametri nel settore dell\u2019infrastruttura di rete","breadcrumb":{"@id":"https:\/\/syndicom.ch\/it\/voce-glossario\/cablex\/#breadcrumb"},"inLanguage":"it-IT","potentialAction":[{"@type":"ReadAction","target":["https:\/\/syndicom.ch\/it\/voce-glossario\/cablex\/"]}]},{"@type":"BreadcrumbList","@id":"https:\/\/syndicom.ch\/it\/voce-glossario\/cablex\/#breadcrumb","itemListElement":[{"@type":"ListItem","position":1,"name":"Pagina iniziale","item":"https:\/\/syndicom.ch\/it\/"},{"@type":"ListItem","position":2,"name":"Cablex"}]},{"@type":"WebSite","@id":"https:\/\/syndicom.ch\/it\/#website","url":"https:\/\/syndicom.ch\/it\/","name":"syndicom","description":"","publisher":{"@id":"https:\/\/syndicom.ch\/it\/#organization"},"potentialAction":[{"@type":"SearchAction","target":{"@type":"EntryPoint","urlTemplate":"https:\/\/syndicom.ch\/it\/?s={search_term_string}"},"query-input":{"@type":"PropertyValueSpecification","valueRequired":true,"valueName":"search_term_string"}}],"inLanguage":"it-IT"},{"@type":"Organization","@id":"https:\/\/syndicom.ch\/it\/#organization","name":"syndicom","url":"https:\/\/syndicom.ch\/it\/","logo":{"@type":"ImageObject","inLanguage":"it-IT","@id":"https:\/\/syndicom.ch\/it\/#\/schema\/logo\/image\/","url":"https:\/\/syndicom.ch\/app\/uploads\/2024\/06\/logo.svg","contentUrl":"https:\/\/syndicom.ch\/app\/uploads\/2024\/06\/logo.svg","width":297,"height":51,"caption":"syndicom"},"image":{"@id":"https:\/\/syndicom.ch\/it\/#\/schema\/logo\/image\/"}}]}},"_links":{"self":[{"href":"https:\/\/syndicom.ch\/it\/wp-json\/wp\/v2\/glossar\/23538","targetHints":{"allow":["GET"]}}],"collection":[{"href":"https:\/\/syndicom.ch\/it\/wp-json\/wp\/v2\/glossar"}],"about":[{"href":"https:\/\/syndicom.ch\/it\/wp-json\/wp\/v2\/types\/glossar"}],"version-history":[{"count":9,"href":"https:\/\/syndicom.ch\/it\/wp-json\/wp\/v2\/glossar\/23538\/revisions"}],"predecessor-version":[{"id":53062,"href":"https:\/\/syndicom.ch\/it\/wp-json\/wp\/v2\/glossar\/23538\/revisions\/53062"}],"wp:attachment":[{"href":"https:\/\/syndicom.ch\/it\/wp-json\/wp\/v2\/media?parent=23538"}],"wp:term":[{"taxonomy":"glossar-category","embeddable":true,"href":"https:\/\/syndicom.ch\/it\/wp-json\/wp\/v2\/glossar-category?post=23538"}],"curies":[{"name":"wp","href":"https:\/\/api.w.org\/{rel}","templated":true}]}}

<div class="wp-block-group alignfull has-background-color has-primary-background-color has-text-color has-background has-link-color wp-elements-747c0fcda98c2114eff69b983790b46b is-layout-constrained wp-block-group-is-layout-constrained">
<div class="wp-block-group is-style-narrow is-layout-constrained wp-block-group-is-layout-constrained">
<h1 class="wp-block-heading">CCL Cablex</h1>



<div class="wp-block-columns is-layout-flex wp-container-core-columns-is-layout-9d6595d7 wp-block-columns-is-layout-flex">
<div class="wp-block-column is-layout-flow wp-block-column-is-layout-flow" style="flex-basis:70%">
<p class="is-style-lead">syndicom è partner sociale di cablex e ci negozia il contratto collettivo di lavoro. Il CCL cablex è fissa nuovi parametri nel settore dell’infrastruttura di rete.</p>
</div>
</div>



<div class="wp-block-columns is-layout-flex wp-container-core-columns-is-layout-9d6595d7 wp-block-columns-is-layout-flex">
<div class="wp-block-column is-layout-flow wp-block-column-is-layout-flow" style="flex-basis:30%">
<p><strong><strong><strong>Validità CCL</strong></strong></strong><br>01.01.2026 &#8211; 31.12.2028</p>
</div>



<div class="wp-block-column is-layout-flow wp-block-column-is-layout-flow" style="flex-basis:80%">
<div class="wp-block-buttons is-layout-flex wp-block-buttons-is-layout-flex">
<div class="wp-block-button is-style-external"><a class="wp-block-button__link wp-element-button" href="https://syndicom.ch/app/uploads/2025/11/sindacato-syndicom-ccl-cablex-2026.pdf" target="_blank" rel="noreferrer noopener">CCL Cablex</a></div>
</div>
</div>



<div class="wp-block-column is-layout-flow wp-block-column-is-layout-flow" style="flex-basis:45%">
<p></p>
</div>
</div>
</div>
</div>



<div class="wp-block-group alignfull has-background-background-color has-background is-layout-constrained wp-block-group-is-layout-constrained">
<div class="wp-block-group is-style-narrow is-layout-constrained wp-block-group-is-layout-constrained">
<p>Il 1° ottobre 2001 cablex è stata fondata come società per azioni autonoma di proprietà <a href="https://syndicom.ch/it/voce-glossario/swisscom/" target="_blank" rel="noreferrer noopener">Swisscom</a>. Ad oggi cablex è la più grande azienda nel settore dell’infrastruttura di rete.</p>
</div>
</div>

<p>CCL Cablex syndicom è partner sociale di cablex e ci negozia il contratto collettivo di lavoro. Il CCL cablex è fissa nuovi parametri nel settore dell’infrastruttura di rete. Validità CCL01.01.2026 &#8211; 31.12.2028 Il 1° ottobre 2001 cablex è stata fondata come società per azioni autonoma di proprietà Swisscom. Ad oggi cablex è la più grande [&hellip;]</p>

<!-- This site is optimized with the Yoast SEO plugin v27.3 - https://yoast.com/product/yoast-seo-wordpress/ -->
<title>Cablex - syndicom</title>
<meta name="description" content="syndicom è partner sociale di cablex e ci negozia il CCL. Il CCL cablex fissa nuovi parametri nel settore dell’infrastruttura di rete" />
<meta name="robots" content="index, follow, max-snippet:-1, max-image-preview:large, max-video-preview:-1" />
<link rel="canonical" href="https://syndicom.ch/it/voce-glossario/cablex/" />
<meta property="og:locale" content="it_IT" />
<meta property="og:type" content="article" />
<meta property="og:title" content="Cablex - syndicom" />
<meta property="og:description" content="syndicom è partner sociale di cablex e ci negozia il CCL. Il CCL cablex fissa nuovi parametri nel settore dell’infrastruttura di rete" />
<meta property="og:url" content="https://syndicom.ch/it/voce-glossario/cablex/" />
<meta property="og:site_name" content="syndicom" />
<meta property="article:modified_time" content="2026-01-05T09:23:05+00:00" />
<meta name="twitter:card" content="summary_large_image" />
<meta name="twitter:label1" content="Tempo di lettura stimato" />
	<meta name="twitter:data1" content="1 minuto" />
<script type="application/ld+json" class="yoast-schema-graph">{"@context":"https:\/\/schema.org","@graph":[{"@type":"WebPage","@id":"https:\/\/syndicom.ch\/it\/voce-glossario\/cablex\/","url":"https:\/\/syndicom.ch\/it\/voce-glossario\/cablex\/","name":"Cablex - syndicom","isPartOf":{"@id":"https:\/\/syndicom.ch\/it\/#website"},"datePublished":"2025-01-20T14:56:56+00:00","dateModified":"2026-01-05T09:23:05+00:00","description":"syndicom è partner sociale di cablex e ci negozia il CCL. Il CCL cablex fissa nuovi parametri nel settore dell’infrastruttura di rete","breadcrumb":{"@id":"https:\/\/syndicom.ch\/it\/voce-glossario\/cablex\/#breadcrumb"},"inLanguage":"it-IT","potentialAction":[{"@type":"ReadAction","target":["https:\/\/syndicom.ch\/it\/voce-glossario\/cablex\/"]}]},{"@type":"BreadcrumbList","@id":"https:\/\/syndicom.ch\/it\/voce-glossario\/cablex\/#breadcrumb","itemListElement":[{"@type":"ListItem","position":1,"name":"Pagina iniziale","item":"https:\/\/syndicom.ch\/it\/"},{"@type":"ListItem","position":2,"name":"Cablex"}]},{"@type":"WebSite","@id":"https:\/\/syndicom.ch\/it\/#website","url":"https:\/\/syndicom.ch\/it\/","name":"syndicom","description":"","publisher":{"@id":"https:\/\/syndicom.ch\/it\/#organization"},"potentialAction":[{"@type":"SearchAction","target":{"@type":"EntryPoint","urlTemplate":"https:\/\/syndicom.ch\/it\/?s={search_term_string}"},"query-input":{"@type":"PropertyValueSpecification","valueRequired":true,"valueName":"search_term_string"}}],"inLanguage":"it-IT"},{"@type":"Organization","@id":"https:\/\/syndicom.ch\/it\/#organization","name":"syndicom","url":"https:\/\/syndicom.ch\/it\/","logo":{"@type":"ImageObject","inLanguage":"it-IT","@id":"https:\/\/syndicom.ch\/it\/#\/schema\/logo\/image\/","url":"https:\/\/syndicom.ch\/app\/uploads\/2024\/06\/logo.svg","contentUrl":"https:\/\/syndicom.ch\/app\/uploads\/2024\/06\/logo.svg","width":297,"height":51,"caption":"syndicom"},"image":{"@id":"https:\/\/syndicom.ch\/it\/#\/schema\/logo\/image\/"}}]}</script>
<!-- / Yoast SEO plugin. -->

syndicom è partner sociale di cablex e ci negozia il CCL. Il CCL cablex fissa nuovi parametri nel settore dell’infrastruttura di rete
